{"id":8641,"date":"2021-12-11T11:07:22","date_gmt":"2021-12-11T10:07:22","guid":{"rendered":"https:\/\/bukkleader.hu\/old\/?post_type=tribe_events&#038;p=8641"},"modified":"2021-12-11T11:13:18","modified_gmt":"2021-12-11T10:13:18","slug":"bukk-hegysegi-alapitvany-rendezvenye-leader-tudomka-kozpont-2021-12-12-sajokeresztur","status":"publish","type":"tribe_events","link":"https:\/\/bukkleader.hu\/old\/esemeny\/bukk-hegysegi-alapitvany-rendezvenye-leader-tudomka-kozpont-2021-12-12-sajokeresztur\/","title":{"rendered":"B\u00fckk-hegys\u00e9gi Alap\u00edtv\u00e1ny rendezv\u00e9nye- LEADER Tudomka K\u00f6zpont , 2021. 12. 12. ,Saj\u00f3kereszt\u00far"},"content":{"rendered":"<p>A B\u00fckk-hegys\u00e9gi Alap\u00edtv\u00e1ny tisztelettel megh\u00edvja \u00d6n\u00f6ket a LEADER Tudomka K\u00f6zpont projekt keret\u00e9ben tartand\u00f3 rendezv\u00e9ny\u00e9re. A pdf let\u00f6lthet\u0151 <a href=\"https:\/\/bukkleader.hu\/old\/wp-content\/uploads\/2021\/12\/Rendezveny-LTK-meghivo-III.-rendezveny-Sajokeresztur.pdf\"><span style=\"text-decoration: underline;\">itt<\/span><\/a>.<\/p>\n<p><a href=\"https:\/\/bukkleader.hu\/old\/wp-content\/uploads\/2021\/12\/Rendezveny-LTK-meghivo-III.-rendezveny-Sajokeresztur_page-0001-1.jpg\"><img data-attachment-id=\"8642\" data-permalink=\"https:\/\/bukkleader.hu\/old\/esemeny\/bukk-hegysegi-alapitvany-rendezvenye-leader-tudomka-kozpont-2021-12-12-sajokeresztur\/rendezveny-ltk-meghivo-iii-rendezveny-sajokeresztur_page-0001-1\/\" data-orig-file=\"https:\/\/bukkleader.hu\/old\/wp-content\/uploads\/2021\/12\/Rendezveny-LTK-meghivo-III.-rendezveny-Sajokeresztur_page-0001-1.jpg\" data-orig-size=\"1240,1755\" data-comments-opened=\"0\" data-image-meta=\"{&quot;aperture&quot;:&quot;0&quot;,&quot;credit&quot;:&quot;&quot;,&quot;camera&quot;:&quot;&quot;,&quot;caption&quot;:&quot;&quot;,&quot;created_timestamp&quot;:&quot;0&quot;,&quot;copyright&quot;:&quot;&quot;,&quot;focal_length&quot;:&quot;0&quot;,&quot;iso&quot;:&quot;0&quot;,&quot;shutter_speed&quot;:&quot;0&quot;,&quot;title&quot;:&quot;&quot;,&quot;orientation&quot;:&quot;0&quot;}\" data-image-title=\"Rendezv\u00e9ny LTK megh\u00edv\u00f3 III. rendezv\u00e9ny Saj\u00f3kereszt\u00far_page-0001 (1)\" data-image-description=\"\" data-image-caption=\"\" data-medium-file=\"https:\/\/bukkleader.hu\/old\/wp-content\/uploads\/2021\/12\/Rendezveny-LTK-meghivo-III.-rendezveny-Sajokeresztur_page-0001-1-212x300.jpg\" data-large-file=\"https:\/\/bukkleader.hu\/old\/wp-content\/uploads\/2021\/12\/Rendezveny-LTK-meghivo-III.-rendezveny-Sajokeresztur_page-0001-1-724x1024.jpg\" loading=\"lazy\" class=\"alignnone size-medium wp-image-8642\" src=\"https:\/\/bukkleader.hu\/old\/wp-content\/uploads\/2021\/12\/Rendezveny-LTK-meghivo-III.-rendezveny-Sajokeresztur_page-0001-1-212x300.jpg\" alt=\"\" width=\"212\" height=\"300\" srcset=\"https:\/\/bukkleader.hu\/old\/wp-content\/uploads\/2021\/12\/Rendezveny-LTK-meghivo-III.-rendezveny-Sajokeresztur_page-0001-1-212x300.jpg 212w, https:\/\/bukkleader.hu\/old\/wp-content\/uploads\/2021\/12\/Rendezveny-LTK-meghivo-III.-rendezveny-Sajokeresztur_page-0001-1-724x1024.jpg 724w, https:\/\/bukkleader.hu\/old\/wp-content\/uploads\/2021\/12\/Rendezveny-LTK-meghivo-III.-rendezveny-Sajokeresztur_page-0001-1-768x1087.jpg 768w, https:\/\/bukkleader.hu\/old\/wp-content\/uploads\/2021\/12\/Rendezveny-LTK-meghivo-III.-rendezveny-Sajokeresztur_page-0001-1-1085x1536.jpg 1085w, https:\/\/bukkleader.hu\/old\/wp-content\/uploads\/2021\/12\/Rendezveny-LTK-meghivo-III.-rendezveny-Sajokeresztur_page-0001-1.jpg 1240w\" sizes=\"(max-width: 212px) 100vw, 212px\" \/><\/a><\/p>\n<div class=\"sharedaddy sd-sharing-enabled\"><div class=\"robots-nocontent sd-block sd-social sd-social-icon sd-sharing\"><h3 class=\"sd-title\">Share this:<\/h3><div class=\"sd-content\"><ul><li class=\"share-facebook\"><a rel=\"nofollow noopener noreferrer\" data-shared=\"sharing-facebook-8641\" class=\"share-facebook sd-button share-icon no-text\" href=\"https:\/\/bukkleader.hu\/old\/esemeny\/bukk-hegysegi-alapitvany-rendezvenye-leader-tudomka-kozpont-2021-12-12-sajokeresztur\/?share=facebook\" target=\"_blank\" title=\"Click to share on Facebook\"><span><\/span><span class=\"sharing-screen-reader-text\">Click to share on Facebook (Opens in new window)<\/span><\/a><\/li><li class=\"share-twitter\"><a rel=\"nofollow noopener noreferrer\" data-shared=\"sharing-twitter-8641\" class=\"share-twitter sd-button share-icon no-text\" href=\"https:\/\/bukkleader.hu\/old\/esemeny\/bukk-hegysegi-alapitvany-rendezvenye-leader-tudomka-kozpont-2021-12-12-sajokeresztur\/?share=twitter\" target=\"_blank\" title=\"Click to share on Twitter\"><span><\/span><span class=\"sharing-screen-reader-text\">Click to share on Twitter (Opens in new window)<\/span><\/a><\/li><li class=\"share-print\"><a rel=\"nofollow noopener noreferrer\" data-shared=\"\" class=\"share-print sd-button share-icon no-text\" href=\"https:\/\/bukkleader.hu\/old\/esemeny\/bukk-hegysegi-alapitvany-rendezvenye-leader-tudomka-kozpont-2021-12-12-sajokeresztur\/\" target=\"_blank\" title=\"Click to print\"><span><\/span><span class=\"sharing-screen-reader-text\">Click to print (Opens in new window)<\/span><\/a><\/li><li class=\"share-email\"><a rel=\"nofollow noopener noreferrer\" data-shared=\"\" class=\"share-email sd-button share-icon no-text\" href=\"https:\/\/bukkleader.hu\/old\/esemeny\/bukk-hegysegi-alapitvany-rendezvenye-leader-tudomka-kozpont-2021-12-12-sajokeresztur\/?share=email\" target=\"_blank\" title=\"Click to email this to a friend\"><span><\/span><span class=\"sharing-screen-reader-text\">Click to email this to a friend (Opens in new window)<\/span><\/a><\/li><li class=\"share-end\"><\/li><\/ul><\/div><\/div><\/div>","protected":false},"excerpt":{"rendered":"<p>A B\u00fckk-hegys\u00e9gi Alap\u00edtv\u00e1ny tisztelettel megh\u00edvja \u00d6n\u00f6ket a LEADER Tudomka K\u00f6zpont projekt keret\u00e9ben tartand\u00f3 rendezv\u00e9ny\u00e9re. A pdf let\u00f6lthet\u0151 itt.<\/p>\n<div class=\"sharedaddy sd-sharing-enabled\"><div class=\"robots-nocontent sd-block sd-social sd-social-icon sd-sharing\"><h3 class=\"sd-title\">Share this:<\/h3><div class=\"sd-content\"><ul><li class=\"share-facebook\"><a rel=\"nofollow noopener noreferrer\" data-shared=\"sharing-facebook-8641\" class=\"share-facebook sd-button share-icon no-text\" href=\"https:\/\/bukkleader.hu\/old\/esemeny\/bukk-hegysegi-alapitvany-rendezvenye-leader-tudomka-kozpont-2021-12-12-sajokeresztur\/?share=facebook\" target=\"_blank\" title=\"Click to share on Facebook\"><span><\/span><span class=\"sharing-screen-reader-text\">Click to share on Facebook (Opens in new window)<\/span><\/a><\/li><li class=\"share-twitter\"><a rel=\"nofollow noopener noreferrer\" data-shared=\"sharing-twitter-8641\" class=\"share-twitter sd-button share-icon no-text\" href=\"https:\/\/bukkleader.hu\/old\/esemeny\/bukk-hegysegi-alapitvany-rendezvenye-leader-tudomka-kozpont-2021-12-12-sajokeresztur\/?share=twitter\" target=\"_blank\" title=\"Click to share on Twitter\"><span><\/span><span class=\"sharing-screen-reader-text\">Click to share on Twitter (Opens in new window)<\/span><\/a><\/li><li class=\"share-print\"><a rel=\"nofollow noopener noreferrer\" data-shared=\"\" class=\"share-print sd-button share-icon no-text\" href=\"https:\/\/bukkleader.hu\/old\/esemeny\/bukk-hegysegi-alapitvany-rendezvenye-leader-tudomka-kozpont-2021-12-12-sajokeresztur\/\" target=\"_blank\" title=\"Click to print\"><span><\/span><span class=\"sharing-screen-reader-text\">Click to print (Opens in new window)<\/span><\/a><\/li><li class=\"share-email\"><a rel=\"nofollow noopener noreferrer\" data-shared=\"\" class=\"share-email sd-button share-icon no-text\" href=\"https:\/\/bukkleader.hu\/old\/esemeny\/bukk-hegysegi-alapitvany-rendezvenye-leader-tudomka-kozpont-2021-12-12-sajokeresztur\/?share=email\" target=\"_blank\" title=\"Click to email this to a friend\"><span><\/span><span class=\"sharing-screen-reader-text\">Click to email this to a friend (Opens in new window)<\/span><\/a><\/li><li class=\"share-end\"><\/li><\/ul><\/div><\/div><\/div>","protected":false},"author":4,"featured_media":1623,"comment_status":"closed","ping_status":"closed","template":"","meta":{"_bbp_topic_count":0,"_bbp_reply_count":0,"_bbp_total_topic_count":0,"_bbp_total_reply_count":0,"_bbp_voice_count":0,"_bbp_anonymous_reply_count":0,"_bbp_topic_count_hidden":0,"_bbp_reply_count_hidden":0,"_bbp_forum_subforum_count":0,"spay_email":""},"tags":[],"tribe_events_cat":[],"jetpack_sharing_enabled":true,"_links":{"self":[{"href":"https:\/\/bukkleader.hu\/old\/wp-json\/wp\/v2\/tribe_events\/8641"}],"collection":[{"href":"https:\/\/bukkleader.hu\/old\/wp-json\/wp\/v2\/tribe_events"}],"about":[{"href":"https:\/\/bukkleader.hu\/old\/wp-json\/wp\/v2\/types\/tribe_events"}],"author":[{"embeddable":true,"href":"https:\/\/bukkleader.hu\/old\/wp-json\/wp\/v2\/users\/4"}],"replies":[{"embeddable":true,"href":"https:\/\/bukkleader.hu\/old\/wp-json\/wp\/v2\/comments?post=8641"}],"version-history":[{"count":1,"href":"https:\/\/bukkleader.hu\/old\/wp-json\/wp\/v2\/tribe_events\/8641\/revisions"}],"predecessor-version":[{"id":8644,"href":"https:\/\/bukkleader.hu\/old\/wp-json\/wp\/v2\/tribe_events\/8641\/revisions\/8644"}],"wp:featuredmedia":[{"embeddable":true,"href":"https:\/\/bukkleader.hu\/old\/wp-json\/wp\/v2\/media\/1623"}],"wp:attachment":[{"href":"https:\/\/bukkleader.hu\/old\/wp-json\/wp\/v2\/media?parent=8641"}],"wp:term":[{"taxonomy":"post_tag","embeddable":true,"href":"https:\/\/bukkleader.hu\/old\/wp-json\/wp\/v2\/tags?post=8641"},{"taxonomy":"tribe_events_cat","embeddable":true,"href":"https:\/\/bukkleader.hu\/old\/wp-json\/wp\/v2\/tribe_events_cat?post=8641"}],"curies":[{"name":"wp","href":"https:\/\/api.w.org\/{rel}","templated":true}]}}

Bükk-hegységi Alapítvány rendezvénye- LEADER Tudomka Központ , 2021. 12. 12. ,Sajókeresztúr

<p>A Bükk-hegységi Alapítvány tisztelettel meghívja Önöket a LEADER Tudomka Központ projekt keretében tartandó rendezvényére. A pdf letölthető <a href="https://bukkleader.hu/old/wp-content/uploads/2021/12/Rendezveny-LTK-meghivo-III.-rendezveny-Sajokeresztur.pdf"><span style="text-decoration: underline;">itt</span></a>.</p>
<p><a href="https://bukkleader.hu/old/wp-content/uploads/2021/12/Rendezveny-LTK-meghivo-III.-rendezveny-Sajokeresztur_page-0001-1.jpg"><img data-attachment-id="8642" data-permalink="https://bukkleader.hu/old/esemeny/bukk-hegysegi-alapitvany-rendezvenye-leader-tudomka-kozpont-2021-12-12-sajokeresztur/rendezveny-ltk-meghivo-iii-rendezveny-sajokeresztur_page-0001-1/" data-orig-file="https://bukkleader.hu/old/wp-content/uploads/2021/12/Rendezveny-LTK-meghivo-III.-rendezveny-Sajokeresztur_page-0001-1.jpg" data-orig-size="1240,1755" data-comments-opened="0" data-image-meta="{&quot;aperture&quot;:&quot;0&quot;,&quot;credit&quot;:&quot;&quot;,&quot;camera&quot;:&quot;&quot;,&quot;caption&quot;:&quot;&quot;,&quot;created_timestamp&quot;:&quot;0&quot;,&quot;copyright&quot;:&quot;&quot;,&quot;focal_length&quot;:&quot;0&quot;,&quot;iso&quot;:&quot;0&quot;,&quot;shutter_speed&quot;:&quot;0&quot;,&quot;title&quot;:&quot;&quot;,&quot;orientation&quot;:&quot;0&quot;}" data-image-title="Rendezvény LTK meghívó III. rendezvény Sajókeresztúr_page-0001 (1)" data-image-description="" data-image-caption="" data-medium-file="https://bukkleader.hu/old/wp-content/uploads/2021/12/Rendezveny-LTK-meghivo-III.-rendezveny-Sajokeresztur_page-0001-1-212x300.jpg" data-large-file="https://bukkleader.hu/old/wp-content/uploads/2021/12/Rendezveny-LTK-meghivo-III.-rendezveny-Sajokeresztur_page-0001-1-724x1024.jpg" loading="lazy" class="alignnone size-medium wp-image-8642" src="https://bukkleader.hu/old/wp-content/uploads/2021/12/Rendezveny-LTK-meghivo-III.-rendezveny-Sajokeresztur_page-0001-1-212x300.jpg" alt="" width="212" height="300" srcset="https://bukkleader.hu/old/wp-content/uploads/2021/12/Rendezveny-LTK-meghivo-III.-rendezveny-Sajokeresztur_page-0001-1-212x300.jpg 212w, https://bukkleader.hu/old/wp-content/uploads/2021/12/Rendezveny-LTK-meghivo-III.-rendezveny-Sajokeresztur_page-0001-1-724x1024.jpg 724w, https://bukkleader.hu/old/wp-content/uploads/2021/12/Rendezveny-LTK-meghivo-III.-rendezveny-Sajokeresztur_page-0001-1-768x1087.jpg 768w, https://bukkleader.hu/old/wp-content/uploads/2021/12/Rendezveny-LTK-meghivo-III.-rendezveny-Sajokeresztur_page-0001-1-1085x1536.jpg 1085w, https://bukkleader.hu/old/wp-content/uploads/2021/12/Rendezveny-LTK-meghivo-III.-rendezveny-Sajokeresztur_page-0001-1.jpg 1240w" sizes="(max-width: 212px) 100vw, 212px" /></a></p>
<div class="sharedaddy sd-sharing-enabled"><div class="robots-nocontent sd-block sd-social sd-social-icon sd-sharing"><h3 class="sd-title">Share this:</h3><div class="sd-content"><ul><li class="share-facebook"><a rel="nofollow noopener noreferrer" data-shared="sharing-facebook-8641" class="share-facebook sd-button share-icon no-text" href="https://bukkleader.hu/old/esemeny/bukk-hegysegi-alapitvany-rendezvenye-leader-tudomka-kozpont-2021-12-12-sajokeresztur/?share=facebook" target="_blank" title="Click to share on Facebook"><span></span><span class="sharing-screen-reader-text">Click to share on Facebook (Opens in new window)</span></a></li><li class="share-twitter"><a rel="nofollow noopener noreferrer" data-shared="sharing-twitter-8641" class="share-twitter sd-button share-icon no-text" href="https://bukkleader.hu/old/esemeny/bukk-hegysegi-alapitvany-rendezvenye-leader-tudomka-kozpont-2021-12-12-sajokeresztur/?share=twitter" target="_blank" title="Click to share on Twitter"><span></span><span class="sharing-screen-reader-text">Click to share on Twitter (Opens in new window)</span></a></li><li class="share-print"><a rel="nofollow noopener noreferrer" data-shared="" class="share-print sd-button share-icon no-text" href="https://bukkleader.hu/old/esemeny/bukk-hegysegi-alapitvany-rendezvenye-leader-tudomka-kozpont-2021-12-12-sajokeresztur/" target="_blank" title="Click to print"><span></span><span class="sharing-screen-reader-text">Click to print (Opens in new window)</span></a></li><li class="share-email"><a rel="nofollow noopener noreferrer" data-shared="" class="share-email sd-button share-icon no-text" href="https://bukkleader.hu/old/esemeny/bukk-hegysegi-alapitvany-rendezvenye-leader-tudomka-kozpont-2021-12-12-sajokeresztur/?share=email" target="_blank" title="Click to email this to a friend"><span></span><span class="sharing-screen-reader-text">Click to email this to a friend (Opens in new window)</span></a></li><li class="share-end"></li></ul></div></div></div>

<p>A Bükk-hegységi Alapítvány tisztelettel meghívja Önöket a LEADER Tudomka Központ projekt keretében tartandó rendezvényére. A pdf letölthető itt.</p>
<div class="sharedaddy sd-sharing-enabled"><div class="robots-nocontent sd-block sd-social sd-social-icon sd-sharing"><h3 class="sd-title">Share this:</h3><div class="sd-content"><ul><li class="share-facebook"><a rel="nofollow noopener noreferrer" data-shared="sharing-facebook-8641" class="share-facebook sd-button share-icon no-text" href="https://bukkleader.hu/old/esemeny/bukk-hegysegi-alapitvany-rendezvenye-leader-tudomka-kozpont-2021-12-12-sajokeresztur/?share=facebook" target="_blank" title="Click to share on Facebook"><span></span><span class="sharing-screen-reader-text">Click to share on Facebook (Opens in new window)</span></a></li><li class="share-twitter"><a rel="nofollow noopener noreferrer" data-shared="sharing-twitter-8641" class="share-twitter sd-button share-icon no-text" href="https://bukkleader.hu/old/esemeny/bukk-hegysegi-alapitvany-rendezvenye-leader-tudomka-kozpont-2021-12-12-sajokeresztur/?share=twitter" target="_blank" title="Click to share on Twitter"><span></span><span class="sharing-screen-reader-text">Click to share on Twitter (Opens in new window)</span></a></li><li class="share-print"><a rel="nofollow noopener noreferrer" data-shared="" class="share-print sd-button share-icon no-text" href="https://bukkleader.hu/old/esemeny/bukk-hegysegi-alapitvany-rendezvenye-leader-tudomka-kozpont-2021-12-12-sajokeresztur/" target="_blank" title="Click to print"><span></span><span class="sharing-screen-reader-text">Click to print (Opens in new window)</span></a></li><li class="share-email"><a rel="nofollow noopener noreferrer" data-shared="" class="share-email sd-button share-icon no-text" href="https://bukkleader.hu/old/esemeny/bukk-hegysegi-alapitvany-rendezvenye-leader-tudomka-kozpont-2021-12-12-sajokeresztur/?share=email" target="_blank" title="Click to email this to a friend"><span></span><span class="sharing-screen-reader-text">Click to email this to a friend (Opens in new window)</span></a></li><li class="share-end"></li></ul></div></div></div>
