{"id":50,"date":"2015-08-28T20:35:08","date_gmt":"2015-08-28T18:35:08","guid":{"rendered":"https:\/\/bukkleader.hu\/old\/new\/?post_type=tribe_events&#038;p=50"},"modified":"2015-09-01T13:29:32","modified_gmt":"2015-09-01T11:29:32","slug":"megujulo-energiaforrasok-intelligens-hasznositasa","status":"publish","type":"tribe_events","link":"https:\/\/bukkleader.hu\/old\/esemeny\/megujulo-energiaforrasok-intelligens-hasznositasa\/","title":{"rendered":"Meg\u00fajul\u00f3 energiaforr\u00e1sok intelligens hasznos\u00edt\u00e1sa"},"content":{"rendered":"<p style=\"text-align: justify;\">A B\u00fckk-T\u00e9rs\u00e9gi LEADER Egyes\u00fclet tisztelettel megh\u00edvja a \u201e Meg\u00fajul\u00f3 energiaforr\u00e1sok intelligens hasznos\u00edt\u00e1sa \u201d c\u00edm\u0171 projekt, z\u00e1r\u00f3 rendezv\u00e9ny\u00e9re.<!--more--><\/p>\n<h2 style=\"text-align: justify;\">Program<\/h2>\n<ul>\n<li style=\"text-align: justify;\">14:30 Megnyit\u00f3 Berente K\u00f6zs\u00e9g \u00d6nkorm\u00e1nyzat\u00e1nak polg\u00e1rmestere<\/li>\n<li style=\"text-align: justify;\">14:45 Meg\u00fajul\u00f3 energiaforr\u00e1sok a B\u00fckk-T\u00e9rs\u00e9gi LEADER Egyes\u00fclet Helyi Vid\u00e9kfejleszt\u00e9si Strat\u00e9gi\u00e1j\u00e1ban Hajdu Istv\u00e1n, munkaszervezet vezet\u0151, B\u00fckk-T\u00e9rs\u00e9gi LEADER Egyes\u00fclet<\/li>\n<li style=\"text-align: justify;\">15:30 P\u00e1ly\u00e1zati \u00e9s egy\u00fcttm\u0171k\u00f6d\u00e9si lehet\u0151s\u00e9gek a 2014-2020 t\u00e1mogat\u00e1si id\u0151szakban Dr. Nagy J\u00f3zsef, eln\u00f6k, B\u00fckk-T\u00e9rs\u00e9gi LEADER Egyes\u00fclet<\/li>\n<li style=\"text-align: justify;\">16:15 A \u201eMeg\u00fajul\u00f3 energiaforr\u00e1sok intelligens hasznos\u00edt\u00e1sa\u201d c\u00edm\u0171 projekt bemutat\u00e1sa Vass Lajos, eln\u00f6k, MOBIL-ESCO Holding Zrt<\/li>\n<li style=\"text-align: justify;\">16:45 Berente k\u00f6zs\u00e9g talajtani viszonyai Dr. Dobos Endre, tansz\u00e9kvezet\u0151, ME MFK F\u00f6ldrajz Geoinformatikai Int\u00e9zet<\/li>\n<li style=\"text-align: justify;\">17:15 A megval\u00f3sult beruh\u00e1z\u00e1s megtekint\u00e9se<\/li>\n<li style=\"text-align: justify;\">18:00 Vacsora<\/li>\n<\/ul>\n<h3>Let\u00f6lthet\u0151 dokumentumok:<\/h3>\n<p><a class=\"btn\" href=\"https:\/\/bukkleader.hu\/old\/wp-content\/uploads\/2015\/08\/meghivo_berente.pdf\" target=\"_blank\">Megh\u00edv\u00f3<\/a>\u00a0|\u00a0<a class=\"btn\" href=\"https:\/\/bukkleader.hu\/old\/wp-content\/uploads\/2015\/08\/program_berente.pdf\" target=\"_blank\">Program<\/a><\/p>\n<div class=\"sharedaddy sd-sharing-enabled\"><div class=\"robots-nocontent sd-block sd-social sd-social-icon sd-sharing\"><h3 class=\"sd-title\">Share this:<\/h3><div class=\"sd-content\"><ul><li class=\"share-facebook\"><a rel=\"nofollow noopener noreferrer\" data-shared=\"sharing-facebook-50\" class=\"share-facebook sd-button share-icon no-text\" href=\"https:\/\/bukkleader.hu\/old\/esemeny\/megujulo-energiaforrasok-intelligens-hasznositasa\/?share=facebook\" target=\"_blank\" title=\"Click to share on Facebook\"><span><\/span><span class=\"sharing-screen-reader-text\">Click to share on Facebook (Opens in new window)<\/span><\/a><\/li><li class=\"share-twitter\"><a rel=\"nofollow noopener noreferrer\" data-shared=\"sharing-twitter-50\" class=\"share-twitter sd-button share-icon no-text\" href=\"https:\/\/bukkleader.hu\/old\/esemeny\/megujulo-energiaforrasok-intelligens-hasznositasa\/?share=twitter\" target=\"_blank\" title=\"Click to share on Twitter\"><span><\/span><span class=\"sharing-screen-reader-text\">Click to share on Twitter (Opens in new window)<\/span><\/a><\/li><li class=\"share-print\"><a rel=\"nofollow noopener noreferrer\" data-shared=\"\" class=\"share-print sd-button share-icon no-text\" href=\"https:\/\/bukkleader.hu\/old\/esemeny\/megujulo-energiaforrasok-intelligens-hasznositasa\/\" target=\"_blank\" title=\"Click to print\"><span><\/span><span class=\"sharing-screen-reader-text\">Click to print (Opens in new window)<\/span><\/a><\/li><li class=\"share-email\"><a rel=\"nofollow noopener noreferrer\" data-shared=\"\" class=\"share-email sd-button share-icon no-text\" href=\"https:\/\/bukkleader.hu\/old\/esemeny\/megujulo-energiaforrasok-intelligens-hasznositasa\/?share=email\" target=\"_blank\" title=\"Click to email this to a friend\"><span><\/span><span class=\"sharing-screen-reader-text\">Click to email this to a friend (Opens in new window)<\/span><\/a><\/li><li class=\"share-end\"><\/li><\/ul><\/div><\/div><\/div>","protected":false},"excerpt":{"rendered":"<p>A B\u00fckk-T\u00e9rs\u00e9gi LEADER Egyes\u00fclet tisztelettel megh\u00edvja a \u201e Meg\u00fajul\u00f3 energiaforr\u00e1sok intelligens hasznos\u00edt\u00e1sa \u201d c\u00edm\u0171 projekt, z\u00e1r\u00f3 rendezv\u00e9ny\u00e9re.<\/p>\n<div class=\"sharedaddy sd-sharing-enabled\"><div class=\"robots-nocontent sd-block sd-social sd-social-icon sd-sharing\"><h3 class=\"sd-title\">Share this:<\/h3><div class=\"sd-content\"><ul><li class=\"share-facebook\"><a rel=\"nofollow noopener noreferrer\" data-shared=\"sharing-facebook-50\" class=\"share-facebook sd-button share-icon no-text\" href=\"https:\/\/bukkleader.hu\/old\/esemeny\/megujulo-energiaforrasok-intelligens-hasznositasa\/?share=facebook\" target=\"_blank\" title=\"Click to share on Facebook\"><span><\/span><span class=\"sharing-screen-reader-text\">Click to share on Facebook (Opens in new window)<\/span><\/a><\/li><li class=\"share-twitter\"><a rel=\"nofollow noopener noreferrer\" data-shared=\"sharing-twitter-50\" class=\"share-twitter sd-button share-icon no-text\" href=\"https:\/\/bukkleader.hu\/old\/esemeny\/megujulo-energiaforrasok-intelligens-hasznositasa\/?share=twitter\" target=\"_blank\" title=\"Click to share on Twitter\"><span><\/span><span class=\"sharing-screen-reader-text\">Click to share on Twitter (Opens in new window)<\/span><\/a><\/li><li class=\"share-print\"><a rel=\"nofollow noopener noreferrer\" data-shared=\"\" class=\"share-print sd-button share-icon no-text\" href=\"https:\/\/bukkleader.hu\/old\/esemeny\/megujulo-energiaforrasok-intelligens-hasznositasa\/\" target=\"_blank\" title=\"Click to print\"><span><\/span><span class=\"sharing-screen-reader-text\">Click to print (Opens in new window)<\/span><\/a><\/li><li class=\"share-email\"><a rel=\"nofollow noopener noreferrer\" data-shared=\"\" class=\"share-email sd-button share-icon no-text\" href=\"https:\/\/bukkleader.hu\/old\/esemeny\/megujulo-energiaforrasok-intelligens-hasznositasa\/?share=email\" target=\"_blank\" title=\"Click to email this to a friend\"><span><\/span><span class=\"sharing-screen-reader-text\">Click to email this to a friend (Opens in new window)<\/span><\/a><\/li><li class=\"share-end\"><\/li><\/ul><\/div><\/div><\/div>","protected":false},"author":1,"featured_media":152,"comment_status":"open","ping_status":"closed","template":"","meta":{"_bbp_topic_count":0,"_bbp_reply_count":0,"_bbp_total_topic_count":0,"_bbp_total_reply_count":0,"_bbp_voice_count":0,"_bbp_anonymous_reply_count":0,"_bbp_topic_count_hidden":0,"_bbp_reply_count_hidden":0,"_bbp_forum_subforum_count":0,"spay_email":""},"tags":[],"tribe_events_cat":[8],"jetpack_sharing_enabled":true,"_links":{"self":[{"href":"https:\/\/bukkleader.hu\/old\/wp-json\/wp\/v2\/tribe_events\/50"}],"collection":[{"href":"https:\/\/bukkleader.hu\/old\/wp-json\/wp\/v2\/tribe_events"}],"about":[{"href":"https:\/\/bukkleader.hu\/old\/wp-json\/wp\/v2\/types\/tribe_events"}],"author":[{"embeddable":true,"href":"https:\/\/bukkleader.hu\/old\/wp-json\/wp\/v2\/users\/1"}],"replies":[{"embeddable":true,"href":"https:\/\/bukkleader.hu\/old\/wp-json\/wp\/v2\/comments?post=50"}],"version-history":[{"count":1,"href":"https:\/\/bukkleader.hu\/old\/wp-json\/wp\/v2\/tribe_events\/50\/revisions"}],"predecessor-version":[{"id":55,"href":"https:\/\/bukkleader.hu\/old\/wp-json\/wp\/v2\/tribe_events\/50\/revisions\/55"}],"wp:featuredmedia":[{"embeddable":true,"href":"https:\/\/bukkleader.hu\/old\/wp-json\/wp\/v2\/media\/152"}],"wp:attachment":[{"href":"https:\/\/bukkleader.hu\/old\/wp-json\/wp\/v2\/media?parent=50"}],"wp:term":[{"taxonomy":"post_tag","embeddable":true,"href":"https:\/\/bukkleader.hu\/old\/wp-json\/wp\/v2\/tags?post=50"},{"taxonomy":"tribe_events_cat","embeddable":true,"href":"https:\/\/bukkleader.hu\/old\/wp-json\/wp\/v2\/tribe_events_cat?post=50"}],"curies":[{"name":"wp","href":"https:\/\/api.w.org\/{rel}","templated":true}]}}

Megújuló energiaforrások intelligens hasznosítása

<p style="text-align: justify;">A Bükk-Térségi LEADER Egyesület tisztelettel meghívja a „ Megújuló energiaforrások intelligens hasznosítása ” című projekt, záró rendezvényére.<!--more--></p>
<h2 style="text-align: justify;">Program</h2>
<ul>
<li style="text-align: justify;">14:30 Megnyitó Berente Község Önkormányzatának polgármestere</li>
<li style="text-align: justify;">14:45 Megújuló energiaforrások a Bükk-Térségi LEADER Egyesület Helyi Vidékfejlesztési Stratégiájában Hajdu István, munkaszervezet vezető, Bükk-Térségi LEADER Egyesület</li>
<li style="text-align: justify;">15:30 Pályázati és együttműködési lehetőségek a 2014-2020 támogatási időszakban Dr. Nagy József, elnök, Bükk-Térségi LEADER Egyesület</li>
<li style="text-align: justify;">16:15 A „Megújuló energiaforrások intelligens hasznosítása” című projekt bemutatása Vass Lajos, elnök, MOBIL-ESCO Holding Zrt</li>
<li style="text-align: justify;">16:45 Berente község talajtani viszonyai Dr. Dobos Endre, tanszékvezető, ME MFK Földrajz Geoinformatikai Intézet</li>
<li style="text-align: justify;">17:15 A megvalósult beruházás megtekintése</li>
<li style="text-align: justify;">18:00 Vacsora</li>
</ul>
<h3>Letölthető dokumentumok:</h3>
<p><a class="btn" href="https://bukkleader.hu/old/wp-content/uploads/2015/08/meghivo_berente.pdf" target="_blank">Meghívó</a> | <a class="btn" href="https://bukkleader.hu/old/wp-content/uploads/2015/08/program_berente.pdf" target="_blank">Program</a></p>
<div class="sharedaddy sd-sharing-enabled"><div class="robots-nocontent sd-block sd-social sd-social-icon sd-sharing"><h3 class="sd-title">Share this:</h3><div class="sd-content"><ul><li class="share-facebook"><a rel="nofollow noopener noreferrer" data-shared="sharing-facebook-50" class="share-facebook sd-button share-icon no-text" href="https://bukkleader.hu/old/esemeny/megujulo-energiaforrasok-intelligens-hasznositasa/?share=facebook" target="_blank" title="Click to share on Facebook"><span></span><span class="sharing-screen-reader-text">Click to share on Facebook (Opens in new window)</span></a></li><li class="share-twitter"><a rel="nofollow noopener noreferrer" data-shared="sharing-twitter-50" class="share-twitter sd-button share-icon no-text" href="https://bukkleader.hu/old/esemeny/megujulo-energiaforrasok-intelligens-hasznositasa/?share=twitter" target="_blank" title="Click to share on Twitter"><span></span><span class="sharing-screen-reader-text">Click to share on Twitter (Opens in new window)</span></a></li><li class="share-print"><a rel="nofollow noopener noreferrer" data-shared="" class="share-print sd-button share-icon no-text" href="https://bukkleader.hu/old/esemeny/megujulo-energiaforrasok-intelligens-hasznositasa/" target="_blank" title="Click to print"><span></span><span class="sharing-screen-reader-text">Click to print (Opens in new window)</span></a></li><li class="share-email"><a rel="nofollow noopener noreferrer" data-shared="" class="share-email sd-button share-icon no-text" href="https://bukkleader.hu/old/esemeny/megujulo-energiaforrasok-intelligens-hasznositasa/?share=email" target="_blank" title="Click to email this to a friend"><span></span><span class="sharing-screen-reader-text">Click to email this to a friend (Opens in new window)</span></a></li><li class="share-end"></li></ul></div></div></div>

<p>A Bükk-Térségi LEADER Egyesület tisztelettel meghívja a „ Megújuló energiaforrások intelligens hasznosítása ” című projekt, záró rendezvényére.</p>
<div class="sharedaddy sd-sharing-enabled"><div class="robots-nocontent sd-block sd-social sd-social-icon sd-sharing"><h3 class="sd-title">Share this:</h3><div class="sd-content"><ul><li class="share-facebook"><a rel="nofollow noopener noreferrer" data-shared="sharing-facebook-50" class="share-facebook sd-button share-icon no-text" href="https://bukkleader.hu/old/esemeny/megujulo-energiaforrasok-intelligens-hasznositasa/?share=facebook" target="_blank" title="Click to share on Facebook"><span></span><span class="sharing-screen-reader-text">Click to share on Facebook (Opens in new window)</span></a></li><li class="share-twitter"><a rel="nofollow noopener noreferrer" data-shared="sharing-twitter-50" class="share-twitter sd-button share-icon no-text" href="https://bukkleader.hu/old/esemeny/megujulo-energiaforrasok-intelligens-hasznositasa/?share=twitter" target="_blank" title="Click to share on Twitter"><span></span><span class="sharing-screen-reader-text">Click to share on Twitter (Opens in new window)</span></a></li><li class="share-print"><a rel="nofollow noopener noreferrer" data-shared="" class="share-print sd-button share-icon no-text" href="https://bukkleader.hu/old/esemeny/megujulo-energiaforrasok-intelligens-hasznositasa/" target="_blank" title="Click to print"><span></span><span class="sharing-screen-reader-text">Click to print (Opens in new window)</span></a></li><li class="share-email"><a rel="nofollow noopener noreferrer" data-shared="" class="share-email sd-button share-icon no-text" href="https://bukkleader.hu/old/esemeny/megujulo-energiaforrasok-intelligens-hasznositasa/?share=email" target="_blank" title="Click to email this to a friend"><span></span><span class="sharing-screen-reader-text">Click to email this to a friend (Opens in new window)</span></a></li><li class="share-end"></li></ul></div></div></div>
