{"id":477,"date":"2015-10-09T14:28:06","date_gmt":"2015-10-09T12:28:06","guid":{"rendered":"https:\/\/bukkleader.hu\/old\/?post_type=tribe_events&#038;p=477"},"modified":"2015-10-09T14:28:06","modified_gmt":"2015-10-09T12:28:06","slug":"helyi-fejlesztesi-strategia-elso-tervezoi-forum-2015","status":"publish","type":"tribe_events","link":"https:\/\/bukkleader.hu\/old\/esemeny\/helyi-fejlesztesi-strategia-elso-tervezoi-forum-2015\/","title":{"rendered":"Helyi Fejleszt\u00e9si Strat\u00e9gia els\u0151 tervez\u0151i f\u00f3rum 2015"},"content":{"rendered":"<p style=\"text-align: justify;\">A B\u00fckk-T\u00e9rs\u00e9gi LEADER Egyes\u00fclet 2015. 10. 11-\u00e9n, B\u00fckkaranyoson, a munkaszervezet irod\u00e1j\u00e1ban, a Helyi Fejleszt\u00e9si Strat\u00e9gia els\u0151 tervez\u0151i f\u00f3rum\u00e1t tartja \u00a0a mell\u00e9kelt megh\u00edv\u00f3 szerint.<\/p>\n<p style=\"text-align: justify;\"><strong>Szeretettel v\u00e1runk minden \u00e9rdekl\u0151d\u0151t!<\/strong><\/p>\n<p style=\"text-align: justify;\">A megh\u00edv\u00f3 itt t\u00f6lthet\u0151 le:\u00a0<a href=\"https:\/\/bukkleader.hu\/old\/wp-content\/uploads\/2015\/10\/forum_meghivo_10_11.pdf\" target=\"_blank\">F\u00f3rum megh\u00edv\u00f3 itt &gt;&gt;<\/a><\/p>\n<div class=\"sharedaddy sd-sharing-enabled\"><div class=\"robots-nocontent sd-block sd-social sd-social-icon sd-sharing\"><h3 class=\"sd-title\">Share this:<\/h3><div class=\"sd-content\"><ul><li class=\"share-facebook\"><a rel=\"nofollow noopener noreferrer\" data-shared=\"sharing-facebook-477\" class=\"share-facebook sd-button share-icon no-text\" href=\"https:\/\/bukkleader.hu\/old\/esemeny\/helyi-fejlesztesi-strategia-elso-tervezoi-forum-2015\/?share=facebook\" target=\"_blank\" title=\"Click to share on Facebook\"><span><\/span><span class=\"sharing-screen-reader-text\">Click to share on Facebook (Opens in new window)<\/span><\/a><\/li><li class=\"share-twitter\"><a rel=\"nofollow noopener noreferrer\" data-shared=\"sharing-twitter-477\" class=\"share-twitter sd-button share-icon no-text\" href=\"https:\/\/bukkleader.hu\/old\/esemeny\/helyi-fejlesztesi-strategia-elso-tervezoi-forum-2015\/?share=twitter\" target=\"_blank\" title=\"Click to share on Twitter\"><span><\/span><span class=\"sharing-screen-reader-text\">Click to share on Twitter (Opens in new window)<\/span><\/a><\/li><li class=\"share-print\"><a rel=\"nofollow noopener noreferrer\" data-shared=\"\" class=\"share-print sd-button share-icon no-text\" href=\"https:\/\/bukkleader.hu\/old\/esemeny\/helyi-fejlesztesi-strategia-elso-tervezoi-forum-2015\/\" target=\"_blank\" title=\"Click to print\"><span><\/span><span class=\"sharing-screen-reader-text\">Click to print (Opens in new window)<\/span><\/a><\/li><li class=\"share-email\"><a rel=\"nofollow noopener noreferrer\" data-shared=\"\" class=\"share-email sd-button share-icon no-text\" href=\"https:\/\/bukkleader.hu\/old\/esemeny\/helyi-fejlesztesi-strategia-elso-tervezoi-forum-2015\/?share=email\" target=\"_blank\" title=\"Click to email this to a friend\"><span><\/span><span class=\"sharing-screen-reader-text\">Click to email this to a friend (Opens in new window)<\/span><\/a><\/li><li class=\"share-end\"><\/li><\/ul><\/div><\/div><\/div>","protected":false},"excerpt":{"rendered":"<p>A B\u00fckk-T\u00e9rs\u00e9gi LEADER Egyes\u00fclet 2015. 10. 11-\u00e9n, B\u00fckkaranyoson, a munkaszervezet irod\u00e1j\u00e1ban, a Helyi Fejleszt\u00e9si Strat\u00e9gia els\u0151 tervez\u0151i f\u00f3rum\u00e1t tartja \u00a0a mell\u00e9kelt megh\u00edv\u00f3 szerint. Szeretettel v\u00e1runk minden \u00e9rdekl\u0151d\u0151t! A megh\u00edv\u00f3 itt t\u00f6lthet\u0151 le:\u00a0F\u00f3rum megh\u00edv\u00f3 itt &gt;&gt;<\/p>\n<div class=\"sharedaddy sd-sharing-enabled\"><div class=\"robots-nocontent sd-block sd-social sd-social-icon sd-sharing\"><h3 class=\"sd-title\">Share this:<\/h3><div class=\"sd-content\"><ul><li class=\"share-facebook\"><a rel=\"nofollow noopener noreferrer\" data-shared=\"sharing-facebook-477\" class=\"share-facebook sd-button share-icon no-text\" href=\"https:\/\/bukkleader.hu\/old\/esemeny\/helyi-fejlesztesi-strategia-elso-tervezoi-forum-2015\/?share=facebook\" target=\"_blank\" title=\"Click to share on Facebook\"><span><\/span><span class=\"sharing-screen-reader-text\">Click to share on Facebook (Opens in new window)<\/span><\/a><\/li><li class=\"share-twitter\"><a rel=\"nofollow noopener noreferrer\" data-shared=\"sharing-twitter-477\" class=\"share-twitter sd-button share-icon no-text\" href=\"https:\/\/bukkleader.hu\/old\/esemeny\/helyi-fejlesztesi-strategia-elso-tervezoi-forum-2015\/?share=twitter\" target=\"_blank\" title=\"Click to share on Twitter\"><span><\/span><span class=\"sharing-screen-reader-text\">Click to share on Twitter (Opens in new window)<\/span><\/a><\/li><li class=\"share-print\"><a rel=\"nofollow noopener noreferrer\" data-shared=\"\" class=\"share-print sd-button share-icon no-text\" href=\"https:\/\/bukkleader.hu\/old\/esemeny\/helyi-fejlesztesi-strategia-elso-tervezoi-forum-2015\/\" target=\"_blank\" title=\"Click to print\"><span><\/span><span class=\"sharing-screen-reader-text\">Click to print (Opens in new window)<\/span><\/a><\/li><li class=\"share-email\"><a rel=\"nofollow noopener noreferrer\" data-shared=\"\" class=\"share-email sd-button share-icon no-text\" href=\"https:\/\/bukkleader.hu\/old\/esemeny\/helyi-fejlesztesi-strategia-elso-tervezoi-forum-2015\/?share=email\" target=\"_blank\" title=\"Click to email this to a friend\"><span><\/span><span class=\"sharing-screen-reader-text\">Click to email this to a friend (Opens in new window)<\/span><\/a><\/li><li class=\"share-end\"><\/li><\/ul><\/div><\/div><\/div>","protected":false},"author":1,"featured_media":475,"comment_status":"open","ping_status":"closed","template":"","meta":{"_bbp_topic_count":0,"_bbp_reply_count":0,"_bbp_total_topic_count":0,"_bbp_total_reply_count":0,"_bbp_voice_count":0,"_bbp_anonymous_reply_count":0,"_bbp_topic_count_hidden":0,"_bbp_reply_count_hidden":0,"_bbp_forum_subforum_count":0,"spay_email":""},"tags":[],"tribe_events_cat":[8],"jetpack_sharing_enabled":true,"_links":{"self":[{"href":"https:\/\/bukkleader.hu\/old\/wp-json\/wp\/v2\/tribe_events\/477"}],"collection":[{"href":"https:\/\/bukkleader.hu\/old\/wp-json\/wp\/v2\/tribe_events"}],"about":[{"href":"https:\/\/bukkleader.hu\/old\/wp-json\/wp\/v2\/types\/tribe_events"}],"author":[{"embeddable":true,"href":"https:\/\/bukkleader.hu\/old\/wp-json\/wp\/v2\/users\/1"}],"replies":[{"embeddable":true,"href":"https:\/\/bukkleader.hu\/old\/wp-json\/wp\/v2\/comments?post=477"}],"version-history":[{"count":0,"href":"https:\/\/bukkleader.hu\/old\/wp-json\/wp\/v2\/tribe_events\/477\/revisions"}],"wp:featuredmedia":[{"embeddable":true,"href":"https:\/\/bukkleader.hu\/old\/wp-json\/wp\/v2\/media\/475"}],"wp:attachment":[{"href":"https:\/\/bukkleader.hu\/old\/wp-json\/wp\/v2\/media?parent=477"}],"wp:term":[{"taxonomy":"post_tag","embeddable":true,"href":"https:\/\/bukkleader.hu\/old\/wp-json\/wp\/v2\/tags?post=477"},{"taxonomy":"tribe_events_cat","embeddable":true,"href":"https:\/\/bukkleader.hu\/old\/wp-json\/wp\/v2\/tribe_events_cat?post=477"}],"curies":[{"name":"wp","href":"https:\/\/api.w.org\/{rel}","templated":true}]}}

Helyi Fejlesztési Stratégia első tervezői fórum 2015

<p style="text-align: justify;">A Bükk-Térségi LEADER Egyesület 2015. 10. 11-én, Bükkaranyoson, a munkaszervezet irodájában, a Helyi Fejlesztési Stratégia első tervezői fórumát tartja  a mellékelt meghívó szerint.</p>
<p style="text-align: justify;"><strong>Szeretettel várunk minden érdeklődőt!</strong></p>
<p style="text-align: justify;">A meghívó itt tölthető le: <a href="https://bukkleader.hu/old/wp-content/uploads/2015/10/forum_meghivo_10_11.pdf" target="_blank">Fórum meghívó itt &gt;&gt;</a></p>
<div class="sharedaddy sd-sharing-enabled"><div class="robots-nocontent sd-block sd-social sd-social-icon sd-sharing"><h3 class="sd-title">Share this:</h3><div class="sd-content"><ul><li class="share-facebook"><a rel="nofollow noopener noreferrer" data-shared="sharing-facebook-477" class="share-facebook sd-button share-icon no-text" href="https://bukkleader.hu/old/esemeny/helyi-fejlesztesi-strategia-elso-tervezoi-forum-2015/?share=facebook" target="_blank" title="Click to share on Facebook"><span></span><span class="sharing-screen-reader-text">Click to share on Facebook (Opens in new window)</span></a></li><li class="share-twitter"><a rel="nofollow noopener noreferrer" data-shared="sharing-twitter-477" class="share-twitter sd-button share-icon no-text" href="https://bukkleader.hu/old/esemeny/helyi-fejlesztesi-strategia-elso-tervezoi-forum-2015/?share=twitter" target="_blank" title="Click to share on Twitter"><span></span><span class="sharing-screen-reader-text">Click to share on Twitter (Opens in new window)</span></a></li><li class="share-print"><a rel="nofollow noopener noreferrer" data-shared="" class="share-print sd-button share-icon no-text" href="https://bukkleader.hu/old/esemeny/helyi-fejlesztesi-strategia-elso-tervezoi-forum-2015/" target="_blank" title="Click to print"><span></span><span class="sharing-screen-reader-text">Click to print (Opens in new window)</span></a></li><li class="share-email"><a rel="nofollow noopener noreferrer" data-shared="" class="share-email sd-button share-icon no-text" href="https://bukkleader.hu/old/esemeny/helyi-fejlesztesi-strategia-elso-tervezoi-forum-2015/?share=email" target="_blank" title="Click to email this to a friend"><span></span><span class="sharing-screen-reader-text">Click to email this to a friend (Opens in new window)</span></a></li><li class="share-end"></li></ul></div></div></div>

<p>A Bükk-Térségi LEADER Egyesület 2015. 10. 11-én, Bükkaranyoson, a munkaszervezet irodájában, a Helyi Fejlesztési Stratégia első tervezői fórumát tartja  a mellékelt meghívó szerint. Szeretettel várunk minden érdeklődőt! A meghívó itt tölthető le: Fórum meghívó itt &gt;&gt;</p>
<div class="sharedaddy sd-sharing-enabled"><div class="robots-nocontent sd-block sd-social sd-social-icon sd-sharing"><h3 class="sd-title">Share this:</h3><div class="sd-content"><ul><li class="share-facebook"><a rel="nofollow noopener noreferrer" data-shared="sharing-facebook-477" class="share-facebook sd-button share-icon no-text" href="https://bukkleader.hu/old/esemeny/helyi-fejlesztesi-strategia-elso-tervezoi-forum-2015/?share=facebook" target="_blank" title="Click to share on Facebook"><span></span><span class="sharing-screen-reader-text">Click to share on Facebook (Opens in new window)</span></a></li><li class="share-twitter"><a rel="nofollow noopener noreferrer" data-shared="sharing-twitter-477" class="share-twitter sd-button share-icon no-text" href="https://bukkleader.hu/old/esemeny/helyi-fejlesztesi-strategia-elso-tervezoi-forum-2015/?share=twitter" target="_blank" title="Click to share on Twitter"><span></span><span class="sharing-screen-reader-text">Click to share on Twitter (Opens in new window)</span></a></li><li class="share-print"><a rel="nofollow noopener noreferrer" data-shared="" class="share-print sd-button share-icon no-text" href="https://bukkleader.hu/old/esemeny/helyi-fejlesztesi-strategia-elso-tervezoi-forum-2015/" target="_blank" title="Click to print"><span></span><span class="sharing-screen-reader-text">Click to print (Opens in new window)</span></a></li><li class="share-email"><a rel="nofollow noopener noreferrer" data-shared="" class="share-email sd-button share-icon no-text" href="https://bukkleader.hu/old/esemeny/helyi-fejlesztesi-strategia-elso-tervezoi-forum-2015/?share=email" target="_blank" title="Click to email this to a friend"><span></span><span class="sharing-screen-reader-text">Click to email this to a friend (Opens in new window)</span></a></li><li class="share-end"></li></ul></div></div></div>
