{"id":153,"date":"2015-09-01T14:14:07","date_gmt":"2015-09-01T12:14:07","guid":{"rendered":"https:\/\/bukkleader.hu\/old\/new\/?post_type=tribe_events&#038;p=153"},"modified":"2015-09-01T14:14:07","modified_gmt":"2015-09-01T12:14:07","slug":"xv-alacskai-borverseny-es-iii-nyitott-pincek-napja","status":"publish","type":"tribe_events","link":"https:\/\/bukkleader.hu\/old\/esemeny\/xv-alacskai-borverseny-es-iii-nyitott-pincek-napja\/","title":{"rendered":"XV. Alacskai Borverseny \u00e9s III. Nyitott Pinc\u00e9k Napja"},"content":{"rendered":"<p style=\"text-align: justify;\">Az Alacska K\u00f6zs\u00e9g \u00d6nkorm\u00e1nyzata nev\u00e9ben tisztelettel megh\u00edvom a <strong>XV. Alacskai Borverseny \u00e9s III. Nyitott Pinc\u00e9k Napja<\/strong> c. rendezv\u00e9ny\u00fcnkre,\u00a0mellyel az alacskai pince- \u00e9s borkult\u00far\u00e1t k\u00edv\u00e1njuk megismertetni \u00e9s n\u00e9pszer\u0171s\u00edteni. <!--more--><\/p>\n<h2>Program:<\/h2>\n<h3>2015. m\u00e1jus 21. (cs\u00fct\u00f6rt\u00f6k): 16-19 \u00f3ra<\/h3>\n<h3>2015. m\u00e1jus 22. (p\u00e9ntek): 8-11 \u00f3ra bormint\u00e1k \u00e1tv\u00e9tele (Kast\u00e9lykerti Tag\u00f3voda)<\/h3>\n<p>Nevez\u00e9si felt\u00e9telek:<\/p>\n<ul>\n<li>Feh\u00e9rbor 0,75 l, rajnai (hossz\u00fanyak\u00fa) palackban<\/li>\n<li>V\u00f6r\u00f6sbor 0,75 I, bord\u00f3i (r\u00f6vidnyak\u00fa) palackban<\/li>\n<\/ul>\n<p style=\"text-align: justify;\">Minden bormint\u00e1b\u00f3l k\u00e9t palack sz\u00fcks\u00e9ges! A mint\u00e1hoz mell\u00e9kelni kell a bor el\u0151\u00e1ll\u00edt\u00f3j\u00e1nak nev\u00e9t, a term\u0151helyet, a sz\u0151l\u0151 fajt\u00e1j\u00e1t, a bor \u00e9vj\u00e1rat\u00e1t \u00e9s jelleg\u00e9t.\u00a0<strong>Nevez\u00e9si d\u00edj<\/strong>: 300,- Ft \/ minta.<\/p>\n<h3 style=\"text-align: justify;\">2015. m\u00e1jus 23. (szombat)<\/h3>\n<ul>\n<li>10-17 \u00f3r\u00e1ig a nyitott pinc\u00e9k l\u00e1togat\u00e1sa a Fels\u0151 pincesoron \u00e9s a Kuty\u00e1s-d\u0171l\u0151ben. A Kuty\u00e1s- d\u0171l\u0151be gyalogosan, vagy lovas szek\u00e9rrel (ingyenesen vehet\u0151 ig\u00e9nybe) lehet kil\u00e1togatni.<\/li>\n<li>17 \u00f3r\u00e1t\u00f3l a Fels\u0151 pincesor sz\u00ednpad\u00e1n:\n<ul>\n<li>K\u00f6sz\u00f6nt\u0151 &#8211; Ujlaki B\u00e9la polg\u00e1rmester<\/li>\n<li>Kultur\u00e1lis m\u0171sor (Turmix t\u00e1nccsoport \u00e9s a Velezd N\u00e9pt\u00e1ncegy\u00fcttes)<\/li>\n<li>A borverseny \u00e9rt\u00e9kel\u00e9se, oklevelek \u00e1tad\u00e1sa &#8211; Dr. Farkas Attila, Ujlaki B\u00e9la<\/li>\n<li>Sancy mulat\u00f3s m\u0171sora<\/li>\n<li>K\u00f6tetlen besz\u00e9lget\u00e9s, bork\u00f3stol\u00e1s, a pincel\u00e1togat\u00e1sok folytat\u00e1sa<\/li>\n<\/ul>\n<\/li>\n<\/ul>\n<p>&nbsp;<\/p>\n<p>\u00a0 \u00a0 \u00a0 \u00a0 \u00a0 \u00a0 \u00a0 Ujlaki B\u00e9la<br \/> Alacska K\u00f6zs\u00e9g polg\u00e1rmestere<\/p>\n<div class=\"sharedaddy sd-sharing-enabled\"><div class=\"robots-nocontent sd-block sd-social sd-social-icon sd-sharing\"><h3 class=\"sd-title\">Share this:<\/h3><div class=\"sd-content\"><ul><li class=\"share-facebook\"><a rel=\"nofollow noopener noreferrer\" data-shared=\"sharing-facebook-153\" class=\"share-facebook sd-button share-icon no-text\" href=\"https:\/\/bukkleader.hu\/old\/esemeny\/xv-alacskai-borverseny-es-iii-nyitott-pincek-napja\/?share=facebook\" target=\"_blank\" title=\"Click to share on Facebook\"><span><\/span><span class=\"sharing-screen-reader-text\">Click to share on Facebook (Opens in new window)<\/span><\/a><\/li><li class=\"share-twitter\"><a rel=\"nofollow noopener noreferrer\" data-shared=\"sharing-twitter-153\" class=\"share-twitter sd-button share-icon no-text\" href=\"https:\/\/bukkleader.hu\/old\/esemeny\/xv-alacskai-borverseny-es-iii-nyitott-pincek-napja\/?share=twitter\" target=\"_blank\" title=\"Click to share on Twitter\"><span><\/span><span class=\"sharing-screen-reader-text\">Click to share on Twitter (Opens in new window)<\/span><\/a><\/li><li class=\"share-print\"><a rel=\"nofollow noopener noreferrer\" data-shared=\"\" class=\"share-print sd-button share-icon no-text\" href=\"https:\/\/bukkleader.hu\/old\/esemeny\/xv-alacskai-borverseny-es-iii-nyitott-pincek-napja\/\" target=\"_blank\" title=\"Click to print\"><span><\/span><span class=\"sharing-screen-reader-text\">Click to print (Opens in new window)<\/span><\/a><\/li><li class=\"share-email\"><a rel=\"nofollow noopener noreferrer\" data-shared=\"\" class=\"share-email sd-button share-icon no-text\" href=\"https:\/\/bukkleader.hu\/old\/esemeny\/xv-alacskai-borverseny-es-iii-nyitott-pincek-napja\/?share=email\" target=\"_blank\" title=\"Click to email this to a friend\"><span><\/span><span class=\"sharing-screen-reader-text\">Click to email this to a friend (Opens in new window)<\/span><\/a><\/li><li class=\"share-end\"><\/li><\/ul><\/div><\/div><\/div>","protected":false},"excerpt":{"rendered":"<p>Az Alacska K\u00f6zs\u00e9g \u00d6nkorm\u00e1nyzata nev\u00e9ben tisztelettel megh\u00edvom a XV. Alacskai Borverseny \u00e9s III. Nyitott Pinc\u00e9k Napja c. rendezv\u00e9ny\u00fcnkre,\u00a0mellyel az alacskai pince- \u00e9s borkult\u00far\u00e1t k\u00edv\u00e1njuk megismertetni \u00e9s n\u00e9pszer\u0171s\u00edteni.<\/p>\n<div class=\"sharedaddy sd-sharing-enabled\"><div class=\"robots-nocontent sd-block sd-social sd-social-icon sd-sharing\"><h3 class=\"sd-title\">Share this:<\/h3><div class=\"sd-content\"><ul><li class=\"share-facebook\"><a rel=\"nofollow noopener noreferrer\" data-shared=\"sharing-facebook-153\" class=\"share-facebook sd-button share-icon no-text\" href=\"https:\/\/bukkleader.hu\/old\/esemeny\/xv-alacskai-borverseny-es-iii-nyitott-pincek-napja\/?share=facebook\" target=\"_blank\" title=\"Click to share on Facebook\"><span><\/span><span class=\"sharing-screen-reader-text\">Click to share on Facebook (Opens in new window)<\/span><\/a><\/li><li class=\"share-twitter\"><a rel=\"nofollow noopener noreferrer\" data-shared=\"sharing-twitter-153\" class=\"share-twitter sd-button share-icon no-text\" href=\"https:\/\/bukkleader.hu\/old\/esemeny\/xv-alacskai-borverseny-es-iii-nyitott-pincek-napja\/?share=twitter\" target=\"_blank\" title=\"Click to share on Twitter\"><span><\/span><span class=\"sharing-screen-reader-text\">Click to share on Twitter (Opens in new window)<\/span><\/a><\/li><li class=\"share-print\"><a rel=\"nofollow noopener noreferrer\" data-shared=\"\" class=\"share-print sd-button share-icon no-text\" href=\"https:\/\/bukkleader.hu\/old\/esemeny\/xv-alacskai-borverseny-es-iii-nyitott-pincek-napja\/\" target=\"_blank\" title=\"Click to print\"><span><\/span><span class=\"sharing-screen-reader-text\">Click to print (Opens in new window)<\/span><\/a><\/li><li class=\"share-email\"><a rel=\"nofollow noopener noreferrer\" data-shared=\"\" class=\"share-email sd-button share-icon no-text\" href=\"https:\/\/bukkleader.hu\/old\/esemeny\/xv-alacskai-borverseny-es-iii-nyitott-pincek-napja\/?share=email\" target=\"_blank\" title=\"Click to email this to a friend\"><span><\/span><span class=\"sharing-screen-reader-text\">Click to email this to a friend (Opens in new window)<\/span><\/a><\/li><li class=\"share-end\"><\/li><\/ul><\/div><\/div><\/div>","protected":false},"author":1,"featured_media":154,"comment_status":"open","ping_status":"closed","template":"","meta":{"_bbp_topic_count":0,"_bbp_reply_count":0,"_bbp_total_topic_count":0,"_bbp_total_reply_count":0,"_bbp_voice_count":0,"_bbp_anonymous_reply_count":0,"_bbp_topic_count_hidden":0,"_bbp_reply_count_hidden":0,"_bbp_forum_subforum_count":0,"spay_email":""},"tags":[],"tribe_events_cat":[8],"jetpack_sharing_enabled":true,"_links":{"self":[{"href":"https:\/\/bukkleader.hu\/old\/wp-json\/wp\/v2\/tribe_events\/153"}],"collection":[{"href":"https:\/\/bukkleader.hu\/old\/wp-json\/wp\/v2\/tribe_events"}],"about":[{"href":"https:\/\/bukkleader.hu\/old\/wp-json\/wp\/v2\/types\/tribe_events"}],"author":[{"embeddable":true,"href":"https:\/\/bukkleader.hu\/old\/wp-json\/wp\/v2\/users\/1"}],"replies":[{"embeddable":true,"href":"https:\/\/bukkleader.hu\/old\/wp-json\/wp\/v2\/comments?post=153"}],"version-history":[{"count":0,"href":"https:\/\/bukkleader.hu\/old\/wp-json\/wp\/v2\/tribe_events\/153\/revisions"}],"wp:featuredmedia":[{"embeddable":true,"href":"https:\/\/bukkleader.hu\/old\/wp-json\/wp\/v2\/media\/154"}],"wp:attachment":[{"href":"https:\/\/bukkleader.hu\/old\/wp-json\/wp\/v2\/media?parent=153"}],"wp:term":[{"taxonomy":"post_tag","embeddable":true,"href":"https:\/\/bukkleader.hu\/old\/wp-json\/wp\/v2\/tags?post=153"},{"taxonomy":"tribe_events_cat","embeddable":true,"href":"https:\/\/bukkleader.hu\/old\/wp-json\/wp\/v2\/tribe_events_cat?post=153"}],"curies":[{"name":"wp","href":"https:\/\/api.w.org\/{rel}","templated":true}]}}

XV. Alacskai Borverseny és III. Nyitott Pincék Napja

<p style="text-align: justify;">Az Alacska Község Önkormányzata nevében tisztelettel meghívom a <strong>XV. Alacskai Borverseny és III. Nyitott Pincék Napja</strong> c. rendezvényünkre, mellyel az alacskai pince- és borkultúrát kívánjuk megismertetni és népszerűsíteni. <!--more--></p>
<h2>Program:</h2>
<h3>2015. május 21. (csütörtök): 16-19 óra</h3>
<h3>2015. május 22. (péntek): 8-11 óra borminták átvétele (Kastélykerti Tagóvoda)</h3>
<p>Nevezési feltételek:</p>
<ul>
<li>Fehérbor 0,75 l, rajnai (hosszúnyakú) palackban</li>
<li>Vörösbor 0,75 I, bordói (rövidnyakú) palackban</li>
</ul>
<p style="text-align: justify;">Minden bormintából két palack szükséges! A mintához mellékelni kell a bor előállítójának nevét, a termőhelyet, a szőlő fajtáját, a bor évjáratát és jellegét. <strong>Nevezési díj</strong>: 300,- Ft / minta.</p>
<h3 style="text-align: justify;">2015. május 23. (szombat)</h3>
<ul>
<li>10-17 óráig a nyitott pincék látogatása a Felső pincesoron és a Kutyás-dűlőben. A Kutyás- dűlőbe gyalogosan, vagy lovas szekérrel (ingyenesen vehető igénybe) lehet kilátogatni.</li>
<li>17 órától a Felső pincesor színpadán:
<ul>
<li>Köszöntő &#8211; Ujlaki Béla polgármester</li>
<li>Kulturális műsor (Turmix tánccsoport és a Velezd Néptáncegyüttes)</li>
<li>A borverseny értékelése, oklevelek átadása &#8211; Dr. Farkas Attila, Ujlaki Béla</li>
<li>Sancy mulatós műsora</li>
<li>Kötetlen beszélgetés, borkóstolás, a pincelátogatások folytatása</li>
</ul>
</li>
</ul>
<p>&nbsp;</p>
<p>              Ujlaki Béla<br /> Alacska Község polgármestere</p>
<div class="sharedaddy sd-sharing-enabled"><div class="robots-nocontent sd-block sd-social sd-social-icon sd-sharing"><h3 class="sd-title">Share this:</h3><div class="sd-content"><ul><li class="share-facebook"><a rel="nofollow noopener noreferrer" data-shared="sharing-facebook-153" class="share-facebook sd-button share-icon no-text" href="https://bukkleader.hu/old/esemeny/xv-alacskai-borverseny-es-iii-nyitott-pincek-napja/?share=facebook" target="_blank" title="Click to share on Facebook"><span></span><span class="sharing-screen-reader-text">Click to share on Facebook (Opens in new window)</span></a></li><li class="share-twitter"><a rel="nofollow noopener noreferrer" data-shared="sharing-twitter-153" class="share-twitter sd-button share-icon no-text" href="https://bukkleader.hu/old/esemeny/xv-alacskai-borverseny-es-iii-nyitott-pincek-napja/?share=twitter" target="_blank" title="Click to share on Twitter"><span></span><span class="sharing-screen-reader-text">Click to share on Twitter (Opens in new window)</span></a></li><li class="share-print"><a rel="nofollow noopener noreferrer" data-shared="" class="share-print sd-button share-icon no-text" href="https://bukkleader.hu/old/esemeny/xv-alacskai-borverseny-es-iii-nyitott-pincek-napja/" target="_blank" title="Click to print"><span></span><span class="sharing-screen-reader-text">Click to print (Opens in new window)</span></a></li><li class="share-email"><a rel="nofollow noopener noreferrer" data-shared="" class="share-email sd-button share-icon no-text" href="https://bukkleader.hu/old/esemeny/xv-alacskai-borverseny-es-iii-nyitott-pincek-napja/?share=email" target="_blank" title="Click to email this to a friend"><span></span><span class="sharing-screen-reader-text">Click to email this to a friend (Opens in new window)</span></a></li><li class="share-end"></li></ul></div></div></div>

<p>Az Alacska Község Önkormányzata nevében tisztelettel meghívom a XV. Alacskai Borverseny és III. Nyitott Pincék Napja c. rendezvényünkre, mellyel az alacskai pince- és borkultúrát kívánjuk megismertetni és népszerűsíteni.</p>
<div class="sharedaddy sd-sharing-enabled"><div class="robots-nocontent sd-block sd-social sd-social-icon sd-sharing"><h3 class="sd-title">Share this:</h3><div class="sd-content"><ul><li class="share-facebook"><a rel="nofollow noopener noreferrer" data-shared="sharing-facebook-153" class="share-facebook sd-button share-icon no-text" href="https://bukkleader.hu/old/esemeny/xv-alacskai-borverseny-es-iii-nyitott-pincek-napja/?share=facebook" target="_blank" title="Click to share on Facebook"><span></span><span class="sharing-screen-reader-text">Click to share on Facebook (Opens in new window)</span></a></li><li class="share-twitter"><a rel="nofollow noopener noreferrer" data-shared="sharing-twitter-153" class="share-twitter sd-button share-icon no-text" href="https://bukkleader.hu/old/esemeny/xv-alacskai-borverseny-es-iii-nyitott-pincek-napja/?share=twitter" target="_blank" title="Click to share on Twitter"><span></span><span class="sharing-screen-reader-text">Click to share on Twitter (Opens in new window)</span></a></li><li class="share-print"><a rel="nofollow noopener noreferrer" data-shared="" class="share-print sd-button share-icon no-text" href="https://bukkleader.hu/old/esemeny/xv-alacskai-borverseny-es-iii-nyitott-pincek-napja/" target="_blank" title="Click to print"><span></span><span class="sharing-screen-reader-text">Click to print (Opens in new window)</span></a></li><li class="share-email"><a rel="nofollow noopener noreferrer" data-shared="" class="share-email sd-button share-icon no-text" href="https://bukkleader.hu/old/esemeny/xv-alacskai-borverseny-es-iii-nyitott-pincek-napja/?share=email" target="_blank" title="Click to email this to a friend"><span></span><span class="sharing-screen-reader-text">Click to email this to a friend (Opens in new window)</span></a></li><li class="share-end"></li></ul></div></div></div>
