{"id":34,"date":"2015-08-28T16:47:50","date_gmt":"2015-08-28T14:47:50","guid":{"rendered":"https:\/\/bukkleader.hu\/old\/new\/?page_id=34"},"modified":"2018-03-31T11:57:35","modified_gmt":"2018-03-31T09:57:35","slug":"fooldal","status":"publish","type":"page","link":"https:\/\/bukkleader.hu\/old\/","title":{"rendered":"P\u00e1ly\u00e1z\u00f3k figyelm\u00e9be!  Helyi t\u00e1mogat\u00e1si k\u00e9relem beny\u00fajt\u00e1s\u00e1nak felf\u00fcggeszt\u00e9se!"},"content":{"rendered":"<h2>\u00a0<\/h2>\n<p style=\"font-weight: 400;\"><strong>P\u00e1ly\u00e1z\u00f3k figyelm\u00e9be!<\/strong><\/p>\n<p style=\"font-weight: 400;\"><strong>Helyi t\u00e1mogat\u00e1si k\u00e9relem beny\u00fajt\u00e1s\u00e1nak felf\u00fcggeszt\u00e9se!<\/strong><\/p>\n<h2><span style=\"font-size: small;\">T\u00e1j\u00e9koztatjuk<strong>\u00a0Tisztelt P\u00e1ly\u00e1z\u00f3inkat, hogy a Temetkez\u00e9si hagyom\u00e1nyok \u00e1pol\u00e1sa (VP6-19.2.1.-15-8-17) elnevez\u00e9s\u0171 t\u00e1mogat\u00e1si k\u00e9relmek tov\u00e1bbi beny\u00fajt\u00e1s\u00e1t\u00a0<\/strong><strong>2018. 04. 01.-\u00e9n\u00a0<\/strong><strong>felf\u00fcggesztj\u00fck!\u00a0<\/strong><\/span><\/h2>\n<h2><strong><span style=\"font-size: small;\">Indoka, hogy az els\u0151 p\u00e1ly\u00e1zati szakasz z\u00e1r\u00e1sakor az ig\u00e9nyelt t\u00e1mogat\u00e1sok \u00f6sszege meghaladja a 200%-ot.<\/span><\/strong><\/h2>\n<h2>\u00a0<\/h2>\n<h2>\u00a0<\/h2>\n<h2>\u00a0<\/h2>\n<h2>\u00a0<\/h2>\n<div class=\"sharedaddy sd-sharing-enabled\"><div class=\"robots-nocontent sd-block sd-social sd-social-icon sd-sharing\"><h3 class=\"sd-title\">Share this:<\/h3><div class=\"sd-content\"><ul><li class=\"share-facebook\"><a rel=\"nofollow noopener noreferrer\" data-shared=\"sharing-facebook-34\" class=\"share-facebook sd-button share-icon no-text\" href=\"https:\/\/bukkleader.hu\/old\/?share=facebook\" target=\"_blank\" title=\"Click to share on Facebook\"><span><\/span><span class=\"sharing-screen-reader-text\">Click to share on Facebook (Opens in new window)<\/span><\/a><\/li><li class=\"share-twitter\"><a rel=\"nofollow noopener noreferrer\" data-shared=\"sharing-twitter-34\" class=\"share-twitter sd-button share-icon no-text\" href=\"https:\/\/bukkleader.hu\/old\/?share=twitter\" target=\"_blank\" title=\"Click to share on Twitter\"><span><\/span><span class=\"sharing-screen-reader-text\">Click to share on Twitter (Opens in new window)<\/span><\/a><\/li><li class=\"share-print\"><a rel=\"nofollow noopener noreferrer\" data-shared=\"\" class=\"share-print sd-button share-icon no-text\" href=\"https:\/\/bukkleader.hu\/old\/\" target=\"_blank\" title=\"Click to print\"><span><\/span><span class=\"sharing-screen-reader-text\">Click to print (Opens in new window)<\/span><\/a><\/li><li class=\"share-email\"><a rel=\"nofollow noopener noreferrer\" data-shared=\"\" class=\"share-email sd-button share-icon no-text\" href=\"https:\/\/bukkleader.hu\/old\/?share=email\" target=\"_blank\" title=\"Click to email this to a friend\"><span><\/span><span class=\"sharing-screen-reader-text\">Click to email this to a friend (Opens in new window)<\/span><\/a><\/li><li class=\"share-end\"><\/li><\/ul><\/div><\/div><\/div>","protected":false},"excerpt":{"rendered":"<p>\u00a0 P\u00e1ly\u00e1z\u00f3k figyelm\u00e9be! Helyi t\u00e1mogat\u00e1si k\u00e9relem beny\u00fajt\u00e1s\u00e1nak felf\u00fcggeszt\u00e9se! T\u00e1j\u00e9koztatjuk\u00a0Tisztelt P\u00e1ly\u00e1z\u00f3inkat, hogy a Temetkez\u00e9si hagyom\u00e1nyok \u00e1pol\u00e1sa (VP6-19.2.1.-15-8-17) elnevez\u00e9s\u0171 t\u00e1mogat\u00e1si k\u00e9relmek tov\u00e1bbi beny\u00fajt\u00e1s\u00e1t\u00a02018. 04. 01.-\u00e9n\u00a0felf\u00fcggesztj\u00fck!\u00a0 Indoka, hogy az els\u0151 p\u00e1ly\u00e1zati szakasz z\u00e1r\u00e1sakor az ig\u00e9nyelt t\u00e1mogat\u00e1sok \u00f6sszege meghaladja a 200%-ot. \u00a0 \u00a0 \u00a0 \u00a0<\/p>\n<div class=\"sharedaddy sd-sharing-enabled\"><div class=\"robots-nocontent sd-block sd-social sd-social-icon sd-sharing\"><h3 class=\"sd-title\">Share this:<\/h3><div class=\"sd-content\"><ul><li class=\"share-facebook\"><a rel=\"nofollow noopener noreferrer\" data-shared=\"sharing-facebook-34\" class=\"share-facebook sd-button share-icon no-text\" href=\"https:\/\/bukkleader.hu\/old\/?share=facebook\" target=\"_blank\" title=\"Click to share on Facebook\"><span><\/span><span class=\"sharing-screen-reader-text\">Click to share on Facebook (Opens in new window)<\/span><\/a><\/li><li class=\"share-twitter\"><a rel=\"nofollow noopener noreferrer\" data-shared=\"sharing-twitter-34\" class=\"share-twitter sd-button share-icon no-text\" href=\"https:\/\/bukkleader.hu\/old\/?share=twitter\" target=\"_blank\" title=\"Click to share on Twitter\"><span><\/span><span class=\"sharing-screen-reader-text\">Click to share on Twitter (Opens in new window)<\/span><\/a><\/li><li class=\"share-print\"><a rel=\"nofollow noopener noreferrer\" data-shared=\"\" class=\"share-print sd-button share-icon no-text\" href=\"https:\/\/bukkleader.hu\/old\/\" target=\"_blank\" title=\"Click to print\"><span><\/span><span class=\"sharing-screen-reader-text\">Click to print (Opens in new window)<\/span><\/a><\/li><li class=\"share-email\"><a rel=\"nofollow noopener noreferrer\" data-shared=\"\" class=\"share-email sd-button share-icon no-text\" href=\"https:\/\/bukkleader.hu\/old\/?share=email\" target=\"_blank\" title=\"Click to email this to a friend\"><span><\/span><span class=\"sharing-screen-reader-text\">Click to email this to a friend (Opens in new window)<\/span><\/a><\/li><li class=\"share-end\"><\/li><\/ul><\/div><\/div><\/div>","protected":false},"author":1,"featured_media":1484,"parent":0,"menu_order":0,"comment_status":"closed","ping_status":"closed","template":"","meta":{"_bbp_topic_count":0,"_bbp_reply_count":0,"_bbp_total_topic_count":0,"_bbp_total_reply_count":0,"_bbp_voice_count":0,"_bbp_anonymous_reply_count":0,"_bbp_topic_count_hidden":0,"_bbp_reply_count_hidden":0,"_bbp_forum_subforum_count":0,"spay_email":""},"jetpack_sharing_enabled":true,"jetpack-related-posts":[{"id":24,"url":"https:\/\/bukkleader.hu\/old\/rolunk\/","url_meta":{"origin":34,"position":0},"title":"R\u00f3lunk","date":"2015-08-28","format":false,"excerpt":"A nagy sikereket el\u00e9rt, k\u00f6zel 3 milli\u00e1rd Ft EMVA t\u00e1mogat\u00e1st kip\u00e1ly\u00e1ztat\u00f3 B\u00dcKK-MAK LEADER vid\u00e9kfejleszt\u00e9si k\u00f6z\u00f6ss\u00e9g (www.bukkmakleader.hu) a 2012-2015. id\u0151szakban a B\u00fckk-Miskolc t\u00e9rs\u00e9gr\u0151l p\u00e1ly\u00e1zhat\u00f3 vid\u00e9kfejleszt\u00e9si forr\u00e1sok megszerz\u00e9se \u00e9rdek\u00e9ben, a Vid\u00e9kfejleszt\u00e9si Miniszt\u00e9rium (VM) k\u00f6telez\u0151 el\u0151\u00edr\u00e1s\u00e1nak (54\/2011. VM rendelet) megfelel\u0151en \u2013 miszerint \u201e2012. \u00e1prilis 30-\u00e1t k\u00f6vet\u0151en LEADER HACS c\u00edmmel kiz\u00e1r\u00f3lag egyes\u00fclet rendelkezhet, illetve\u2026","rel":"","context":"Similar post","img":{"alt_text":"","src":"https:\/\/i1.wp.com\/bukkleader.hu\/old\/wp-content\/uploads\/2015\/08\/image003.jpg?resize=350%2C200&ssl=1","width":350,"height":200},"classes":[]},{"id":2565,"url":"https:\/\/bukkleader.hu\/old\/nyertes-palyazoink-2014-2020\/","url_meta":{"origin":34,"position":1},"title":"Nyertes p\u00e1ly\u00e1z\u00f3ink 2014-2020","date":"2020-04-24","format":false,"excerpt":"\u00d6sszes\u00edt\u00e9s a B\u00fckk-T\u00e9rs\u00e9gi LEADER Egyes\u00fclet ter\u00fclet\u00e9n a 2014-2020-as id\u0151szakban t\u00e1mogatott projektekr\u0151l (2020.10.07-i \u00e1llapot) T\u00e1mogat\u00e1st ig\u00e9nyl\u0151 Meg\u00edt\u00e9lt t\u00e1mogat\u00e1s (Ft) Megval\u00f3s\u00edt\u00e1s helye LEADER TUDOMKA PONTOK KIALAK\u00cdT\u00c1SA VP6-19.2.1.-15-1-17 Hagyom\u00e1nyteremt\u0151 M\u0171v\u00e9szeti \u00e9s Oktat\u00e1si Nonprofit Kft. 2 501 580 Saj\u00f3l\u00e1d \"Bar\u00e1tainkkal az \u00faton\" Alap\u00edtv\u00e1ny 2 882 904 Borsodgeszt \"Csak term\u00e9szetesen\" Nonprofit Kft. 2 999 994\u2026","rel":"","context":"Similar post","img":{"alt_text":"","src":"","width":0,"height":0},"classes":[]},{"id":1456,"url":"https:\/\/bukkleader.hu\/old\/leader-felhivasok\/helyi-videkfejlesztesi-strategia-vegrehajtasa-2007-2013\/","url_meta":{"origin":34,"position":2},"title":"A Helyi Vid\u00e9kfejleszt\u00e9si Strat\u00e9gia V\u00e9grehajt\u00e1sa 2007-2013","date":"2017-12-16","format":false,"excerpt":"B\u00dcKK-MAK LEADER NONPROFIT KFT.; B\u00dcKK-T\u00c9RS\u00c9GI LEADER EGYES\u00dcLET A HELYI VID\u00c9KFEJLESZT\u00c9SI STRAT\u00c9GIA V\u00c9GREHAJT\u00c1SA Z\u00c1R\u00d3JELENT\u00c9S 2007-2013 A dokumentum itt olvashat\u00f3>> BTLE Z\u00e1r\u00f3besz\u00e1mol\u00f3 t\u00e1mogatott p\u00e1ly\u00e1zatok \u00f6sszes\u00edt\u00e9se t\u00e1bl\u00e1zat A t\u00e1bl\u00e1zat itt olvashat\u00f3>>","rel":"","context":"Similar post","img":{"alt_text":"","src":"","width":0,"height":0},"classes":[]},{"id":835,"url":"https:\/\/bukkleader.hu\/old\/strategiank-2014-2020\/","url_meta":{"origin":34,"position":3},"title":"Strat\u00e9gi\u00e1nk 2014-2020","date":"2015-10-23","format":false,"excerpt":"\u00a0 K\u00f6zz\u00e9t\u00e9tel d\u00e1tuma: 2017. 05. 30. A Minisztereln\u00f6ks\u00e9g Agr\u00e1r-vid\u00e9kfejleszt\u00e9s\u00e9rt Felel\u0151s \u00c1llamtitk\u00e1rs\u00e1g\u00e1nak Ir\u00e1ny\u00edt\u00f3 Hat\u00f3s\u00e1ga \u00e9s a B\u00fckk-T\u00e9rs\u00e9gi LEADER Egyes\u00fclet Egy\u00fcttm\u0171k\u00f6d\u00e9si Meg\u00e1llapod\u00e1sa a Helyi Fejleszt\u00e9si Strat\u00e9gia megval\u00f3s\u00edt\u00e1s\u00e1ra \u00e9s a HACS m\u0171k\u00f6d\u00e9si \u00e9s anim\u00e1ci\u00f3s k\u00f6lts\u00e9geinek t\u00e1mogat\u00e1s\u00e1ra. Itt olvashat\u00f3 >> \u00a0 K\u00f6zz\u00e9t\u00e9tel d\u00e1tuma: 2017. 05. 30. A B\u00fckk-T\u00e9rs\u00e9gi LEADER Egyes\u00fclet K\u00f6zgy\u0171l\u00e9se 2017. 05. 29.-\u00e9n\u2026","rel":"","context":"Similar post","img":{"alt_text":"eu-strukturalis-alap700x238-w","src":"https:\/\/i0.wp.com\/bukkleader.hu\/old\/wp-content\/uploads\/2015\/10\/eu-strukturalis-alap700x238-w.jpg?resize=350%2C200&ssl=1","width":350,"height":200},"classes":[]},{"id":144,"url":"https:\/\/bukkleader.hu\/old\/mukodesi-koltsegek\/","url_meta":{"origin":34,"position":4},"title":"M\u0171k\u00f6d\u00e9si k\u00f6lts\u00e9gek","date":"2015-09-01","format":false,"excerpt":"A HACS m\u0171k\u00f6d\u00e9si k\u00f6lts\u00e9gei (friss\u00edtve: 2015.09.23.)A m\u0171k\u00f6d\u00e9si k\u00f6lts\u00e9gek t\u00e9teles elsz\u00e1mol\u00e1sa az MVH fel\u00e9 egy \u00e9s h\u00e1rom havonta beny\u00fajtott kifizet\u00e9si k\u00e9relmek t\u00e9teleinek megfelel\u0151en az al\u00e1bbi linkekre kattintva, t\u00e1mogat\u00e1si id\u0151szakonk\u00e9nt pdf form\u00e1tumban let\u00f6lthet\u0151:2012. m\u00e1jus 01. - 2012. m\u00e1jus 31. (b\u00e9r ktg.-ek) >>2012. m\u00e1jus 01. - 2012. j\u00fanius 30. >>2012. j\u00falius 01. -\u2026","rel":"","context":"Similar post","img":{"alt_text":"","src":"","width":0,"height":0},"classes":[]},{"id":68,"url":"https:\/\/bukkleader.hu\/old\/strategiank\/","url_meta":{"origin":34,"position":5},"title":"Strat\u00e9gi\u00e1nk 2007-2014","date":"2015-08-29","format":false,"excerpt":"Eur\u00f3pai Mez\u0151gazdas\u00e1gi Vid\u00e9kfejleszt\u00e9si Alap:\u00a0a vid\u00e9ki ter\u00fcletekbe beruh\u00e1z\u00f3 Eur\u00f3pa Helyi Vid\u00e9kfejleszt\u00e9si Strat\u00e9gia Strat\u00e9gia elolvas\u00e1sa, let\u00f6lt\u00e9se","rel":"","context":"Similar post","img":{"alt_text":"","src":"","width":0,"height":0},"classes":[]}],"_links":{"self":[{"href":"https:\/\/bukkleader.hu\/old\/wp-json\/wp\/v2\/pages\/34"}],"collection":[{"href":"https:\/\/bukkleader.hu\/old\/wp-json\/wp\/v2\/pages"}],"about":[{"href":"https:\/\/bukkleader.hu\/old\/wp-json\/wp\/v2\/types\/page"}],"author":[{"embeddable":true,"href":"https:\/\/bukkleader.hu\/old\/wp-json\/wp\/v2\/users\/1"}],"replies":[{"embeddable":true,"href":"https:\/\/bukkleader.hu\/old\/wp-json\/wp\/v2\/comments?post=34"}],"version-history":[{"count":11,"href":"https:\/\/bukkleader.hu\/old\/wp-json\/wp\/v2\/pages\/34\/revisions"}],"predecessor-version":[{"id":1675,"href":"https:\/\/bukkleader.hu\/old\/wp-json\/wp\/v2\/pages\/34\/revisions\/1675"}],"wp:featuredmedia":[{"embeddable":true,"href":"https:\/\/bukkleader.hu\/old\/wp-json\/wp\/v2\/media\/1484"}],"wp:attachment":[{"href":"https:\/\/bukkleader.hu\/old\/wp-json\/wp\/v2\/media?parent=34"}],"curies":[{"name":"wp","href":"https:\/\/api.w.org\/{rel}","templated":true}]}}

Pályázók figyelmébe!  Helyi támogatási kérelem benyújtásának felfüggesztése!

<h2> </h2>
<p style="font-weight: 400;"><strong>Pályázók figyelmébe!</strong></p>
<p style="font-weight: 400;"><strong>Helyi támogatási kérelem benyújtásának felfüggesztése!</strong></p>
<h2><span style="font-size: small;">Tájékoztatjuk<strong> Tisztelt Pályázóinkat, hogy a Temetkezési hagyományok ápolása (VP6-19.2.1.-15-8-17) elnevezésű támogatási kérelmek további benyújtását </strong><strong>2018. 04. 01.-én </strong><strong>felfüggesztjük! </strong></span></h2>
<h2><strong><span style="font-size: small;">Indoka, hogy az első pályázati szakasz zárásakor az igényelt támogatások összege meghaladja a 200%-ot.</span></strong></h2>
<h2> </h2>
<h2> </h2>
<h2> </h2>
<h2> </h2>
<div class="sharedaddy sd-sharing-enabled"><div class="robots-nocontent sd-block sd-social sd-social-icon sd-sharing"><h3 class="sd-title">Share this:</h3><div class="sd-content"><ul><li class="share-facebook"><a rel="nofollow noopener noreferrer" data-shared="sharing-facebook-34" class="share-facebook sd-button share-icon no-text" href="https://bukkleader.hu/old/?share=facebook" target="_blank" title="Click to share on Facebook"><span></span><span class="sharing-screen-reader-text">Click to share on Facebook (Opens in new window)</span></a></li><li class="share-twitter"><a rel="nofollow noopener noreferrer" data-shared="sharing-twitter-34" class="share-twitter sd-button share-icon no-text" href="https://bukkleader.hu/old/?share=twitter" target="_blank" title="Click to share on Twitter"><span></span><span class="sharing-screen-reader-text">Click to share on Twitter (Opens in new window)</span></a></li><li class="share-print"><a rel="nofollow noopener noreferrer" data-shared="" class="share-print sd-button share-icon no-text" href="https://bukkleader.hu/old/" target="_blank" title="Click to print"><span></span><span class="sharing-screen-reader-text">Click to print (Opens in new window)</span></a></li><li class="share-email"><a rel="nofollow noopener noreferrer" data-shared="" class="share-email sd-button share-icon no-text" href="https://bukkleader.hu/old/?share=email" target="_blank" title="Click to email this to a friend"><span></span><span class="sharing-screen-reader-text">Click to email this to a friend (Opens in new window)</span></a></li><li class="share-end"></li></ul></div></div></div>

<p>  Pályázók figyelmébe! Helyi támogatási kérelem benyújtásának felfüggesztése! Tájékoztatjuk Tisztelt Pályázóinkat, hogy a Temetkezési hagyományok ápolása (VP6-19.2.1.-15-8-17) elnevezésű támogatási kérelmek további benyújtását 2018. 04. 01.-én felfüggesztjük!  Indoka, hogy az első pályázati szakasz zárásakor az igényelt támogatások összege meghaladja a 200%-ot.        </p>
<div class="sharedaddy sd-sharing-enabled"><div class="robots-nocontent sd-block sd-social sd-social-icon sd-sharing"><h3 class="sd-title">Share this:</h3><div class="sd-content"><ul><li class="share-facebook"><a rel="nofollow noopener noreferrer" data-shared="sharing-facebook-34" class="share-facebook sd-button share-icon no-text" href="https://bukkleader.hu/old/?share=facebook" target="_blank" title="Click to share on Facebook"><span></span><span class="sharing-screen-reader-text">Click to share on Facebook (Opens in new window)</span></a></li><li class="share-twitter"><a rel="nofollow noopener noreferrer" data-shared="sharing-twitter-34" class="share-twitter sd-button share-icon no-text" href="https://bukkleader.hu/old/?share=twitter" target="_blank" title="Click to share on Twitter"><span></span><span class="sharing-screen-reader-text">Click to share on Twitter (Opens in new window)</span></a></li><li class="share-print"><a rel="nofollow noopener noreferrer" data-shared="" class="share-print sd-button share-icon no-text" href="https://bukkleader.hu/old/" target="_blank" title="Click to print"><span></span><span class="sharing-screen-reader-text">Click to print (Opens in new window)</span></a></li><li class="share-email"><a rel="nofollow noopener noreferrer" data-shared="" class="share-email sd-button share-icon no-text" href="https://bukkleader.hu/old/?share=email" target="_blank" title="Click to email this to a friend"><span></span><span class="sharing-screen-reader-text">Click to email this to a friend (Opens in new window)</span></a></li><li class="share-end"></li></ul></div></div></div>

Rólunk

A nagy sikereket elért, közel 3 milliárd Ft EMVA támogatást kipályáztató BÜKK-MAK LEADER vidékfejlesztési közösség (www.bukkmakleader.hu) a 2012-2015. időszakban a Bükk-Miskolc térségről pályázható vidékfejlesztési források megszerzése érdekében, a Vidékfejlesztési Minisztérium (VM) kötelező előírásának (54/2011. VM rendelet) megfelelően – miszerint „2012. április 30-át követően LEADER HACS címmel kizárólag egyesület rendelkezhet, illetve…

Nyertes pályázóink 2014-2020

Összesítés a Bükk-Térségi LEADER Egyesület területén a 2014-2020-as időszakban támogatott projektekről (2020.10.07-i állapot) Támogatást igénylő Megítélt támogatás (Ft) Megvalósítás helye LEADER TUDOMKA PONTOK KIALAKÍTÁSA VP6-19.2.1.-15-1-17 Hagyományteremtő Művészeti és Oktatási Nonprofit Kft. 2 501 580 Sajólád "Barátainkkal az úton" Alapítvány 2 882 904 Borsodgeszt "Csak természetesen" Nonprofit Kft. 2 999 994…

A Helyi Vidékfejlesztési Stratégia Végrehajtása 2007-2013

BÜKK-MAK LEADER NONPROFIT KFT.; BÜKK-TÉRSÉGI LEADER EGYESÜLET A HELYI VIDÉKFEJLESZTÉSI STRATÉGIA VÉGREHAJTÁSA ZÁRÓJELENTÉS 2007-2013 A dokumentum itt olvasható>> BTLE Záróbeszámoló támogatott pályázatok összesítése táblázat A táblázat itt olvasható>>

Stratégiánk 2014-2020

Közzététel dátuma: 2017. 05. 30. A Miniszterelnökség Agrár-vidékfejlesztésért Felelős Államtitkárságának Irányító Hatósága és a Bükk-Térségi LEADER Egyesület Együttműködési Megállapodása a Helyi Fejlesztési Stratégia megvalósítására és a HACS működési és animációs költségeinek támogatására. Itt olvasható >>   Közzététel dátuma: 2017. 05. 30. A Bükk-Térségi LEADER Egyesület Közgyűlése 2017. 05. 29.-én…

Működési költségek

A HACS működési költségei (frissítve: 2015.09.23.)A működési költségek tételes elszámolása az MVH felé egy és három havonta benyújtott kifizetési kérelmek tételeinek megfelelően az alábbi linkekre kattintva, támogatási időszakonként pdf formátumban letölthető:2012. május 01. - 2012. május 31. (bér ktg.-ek) >>2012. május 01. - 2012. június 30. >>2012. július 01. -…

Stratégiánk 2007-2014

Európai Mezőgazdasági Vidékfejlesztési Alap: a vidéki területekbe beruházó Európa Helyi Vidékfejlesztési Stratégia Stratégia elolvasása, letöltése
