{"id":1454,"date":"2017-12-16T21:56:02","date_gmt":"2017-12-16T20:56:02","guid":{"rendered":"https:\/\/bukkleader.hu\/old\/?page_id=1454"},"modified":"2020-05-12T14:24:14","modified_gmt":"2020-05-12T12:24:14","slug":"kotelezo-tajekoztatas-es-nyilvanossag-biztositasa","status":"publish","type":"page","link":"https:\/\/bukkleader.hu\/old\/leader-felhivasok\/kotelezo-tajekoztatas-es-nyilvanossag-biztositasa\/","title":{"rendered":"K\u00f6telez\u0151 t\u00e1j\u00e9koztat\u00e1s \u00e9s nyilv\u00e1noss\u00e1g biztos\u00edt\u00e1sa"},"content":{"rendered":"<h2><img data-attachment-id=\"1448\" data-permalink=\"https:\/\/bukkleader.hu\/old\/leader-felhivasok\/kotelezo-tajekoztatas-es-nyilvanossag-biztositasa\/btle_logo-2\/\" data-orig-file=\"https:\/\/bukkleader.hu\/old\/wp-content\/uploads\/2017\/12\/btle_logo.jpg\" data-orig-size=\"609,608\" data-comments-opened=\"1\" data-image-meta=\"{&quot;aperture&quot;:&quot;0&quot;,&quot;credit&quot;:&quot;&quot;,&quot;camera&quot;:&quot;&quot;,&quot;caption&quot;:&quot;&quot;,&quot;created_timestamp&quot;:&quot;0&quot;,&quot;copyright&quot;:&quot;&quot;,&quot;focal_length&quot;:&quot;0&quot;,&quot;iso&quot;:&quot;0&quot;,&quot;shutter_speed&quot;:&quot;0&quot;,&quot;title&quot;:&quot;&quot;,&quot;orientation&quot;:&quot;0&quot;}\" data-image-title=\"btle_logo\" data-image-description=\"\" data-image-caption=\"\" data-medium-file=\"https:\/\/bukkleader.hu\/old\/wp-content\/uploads\/2017\/12\/btle_logo-300x300.jpg\" data-large-file=\"https:\/\/bukkleader.hu\/old\/wp-content\/uploads\/2017\/12\/btle_logo.jpg\" loading=\"lazy\" class=\"wp-image-1448 alignleft\" src=\"https:\/\/bukkleader.hu\/old\/wp-content\/uploads\/2017\/12\/btle_logo.jpg\" alt=\"btle_logo\" width=\"300\" height=\"299\" srcset=\"https:\/\/bukkleader.hu\/old\/wp-content\/uploads\/2017\/12\/btle_logo.jpg 609w, https:\/\/bukkleader.hu\/old\/wp-content\/uploads\/2017\/12\/btle_logo-150x150.jpg 150w, https:\/\/bukkleader.hu\/old\/wp-content\/uploads\/2017\/12\/btle_logo-300x300.jpg 300w, https:\/\/bukkleader.hu\/old\/wp-content\/uploads\/2017\/12\/btle_logo-118x118.jpg 118w, https:\/\/bukkleader.hu\/old\/wp-content\/uploads\/2017\/12\/btle_logo-50x50.jpg 50w\" sizes=\"(max-width: 300px) 100vw, 300px\" \/>Vid\u00e9kfejleszt\u00e9si Program Kedvezm\u00e9nyezettek t\u00e1j\u00e9koztat\u00e1si k\u00f6telezetts\u00e9gei 2014-2020. 2.1.<\/h2>\n<p>\n<strong><a class=\"btn\" href=\"https:\/\/bukkleader.hu\/old\/wp-content\/uploads\/2019\/08\/KTK_2.1_vegleges-1.pdf\" target=\"_blank\" rel=\"noopener\">A dokumentum olvas\u00e1sa, let\u00f6lt\u00e9se itt&gt;&gt;<\/a><\/strong><\/p>\n<p><a href=\"https:\/\/bukkleader.hu\/old\/wp-content\/uploads\/2017\/12\/btle_logo.jpg\" target=\"_blank\" rel=\"noopener\"><strong>A B\u00fckk-T\u00e9rs\u00e9gi LEADER Egyes\u00fclet log\u00f3ja let\u00f6lthet\u0151 itt&gt;&gt;<\/strong><\/a><\/p>\n<div class=\"sharedaddy sd-sharing-enabled\"><div class=\"robots-nocontent sd-block sd-social sd-social-icon sd-sharing\"><h3 class=\"sd-title\">Share this:<\/h3><div class=\"sd-content\"><ul><li class=\"share-facebook\"><a rel=\"nofollow noopener noreferrer\" data-shared=\"sharing-facebook-1454\" class=\"share-facebook sd-button share-icon no-text\" href=\"https:\/\/bukkleader.hu\/old\/leader-felhivasok\/kotelezo-tajekoztatas-es-nyilvanossag-biztositasa\/?share=facebook\" target=\"_blank\" title=\"Click to share on Facebook\"><span><\/span><span class=\"sharing-screen-reader-text\">Click to share on Facebook (Opens in new window)<\/span><\/a><\/li><li class=\"share-twitter\"><a rel=\"nofollow noopener noreferrer\" data-shared=\"sharing-twitter-1454\" class=\"share-twitter sd-button share-icon no-text\" href=\"https:\/\/bukkleader.hu\/old\/leader-felhivasok\/kotelezo-tajekoztatas-es-nyilvanossag-biztositasa\/?share=twitter\" target=\"_blank\" title=\"Click to share on Twitter\"><span><\/span><span class=\"sharing-screen-reader-text\">Click to share on Twitter (Opens in new window)<\/span><\/a><\/li><li class=\"share-print\"><a rel=\"nofollow noopener noreferrer\" data-shared=\"\" class=\"share-print sd-button share-icon no-text\" href=\"https:\/\/bukkleader.hu\/old\/leader-felhivasok\/kotelezo-tajekoztatas-es-nyilvanossag-biztositasa\/\" target=\"_blank\" title=\"Click to print\"><span><\/span><span class=\"sharing-screen-reader-text\">Click to print (Opens in new window)<\/span><\/a><\/li><li class=\"share-email\"><a rel=\"nofollow noopener noreferrer\" data-shared=\"\" class=\"share-email sd-button share-icon no-text\" href=\"https:\/\/bukkleader.hu\/old\/leader-felhivasok\/kotelezo-tajekoztatas-es-nyilvanossag-biztositasa\/?share=email\" target=\"_blank\" title=\"Click to email this to a friend\"><span><\/span><span class=\"sharing-screen-reader-text\">Click to email this to a friend (Opens in new window)<\/span><\/a><\/li><li class=\"share-end\"><\/li><\/ul><\/div><\/div><\/div>","protected":false},"excerpt":{"rendered":"<p>Vid\u00e9kfejleszt\u00e9si Program Kedvezm\u00e9nyezettek t\u00e1j\u00e9koztat\u00e1si k\u00f6telezetts\u00e9gei 2014-2020. 2.1. A dokumentum olvas\u00e1sa, let\u00f6lt\u00e9se itt&gt;&gt; A B\u00fckk-T\u00e9rs\u00e9gi LEADER Egyes\u00fclet log\u00f3ja let\u00f6lthet\u0151 itt&gt;&gt;<\/p>\n<div class=\"sharedaddy sd-sharing-enabled\"><div class=\"robots-nocontent sd-block sd-social sd-social-icon sd-sharing\"><h3 class=\"sd-title\">Share this:<\/h3><div class=\"sd-content\"><ul><li class=\"share-facebook\"><a rel=\"nofollow noopener noreferrer\" data-shared=\"sharing-facebook-1454\" class=\"share-facebook sd-button share-icon no-text\" href=\"https:\/\/bukkleader.hu\/old\/leader-felhivasok\/kotelezo-tajekoztatas-es-nyilvanossag-biztositasa\/?share=facebook\" target=\"_blank\" title=\"Click to share on Facebook\"><span><\/span><span class=\"sharing-screen-reader-text\">Click to share on Facebook (Opens in new window)<\/span><\/a><\/li><li class=\"share-twitter\"><a rel=\"nofollow noopener noreferrer\" data-shared=\"sharing-twitter-1454\" class=\"share-twitter sd-button share-icon no-text\" href=\"https:\/\/bukkleader.hu\/old\/leader-felhivasok\/kotelezo-tajekoztatas-es-nyilvanossag-biztositasa\/?share=twitter\" target=\"_blank\" title=\"Click to share on Twitter\"><span><\/span><span class=\"sharing-screen-reader-text\">Click to share on Twitter (Opens in new window)<\/span><\/a><\/li><li class=\"share-print\"><a rel=\"nofollow noopener noreferrer\" data-shared=\"\" class=\"share-print sd-button share-icon no-text\" href=\"https:\/\/bukkleader.hu\/old\/leader-felhivasok\/kotelezo-tajekoztatas-es-nyilvanossag-biztositasa\/\" target=\"_blank\" title=\"Click to print\"><span><\/span><span class=\"sharing-screen-reader-text\">Click to print (Opens in new window)<\/span><\/a><\/li><li class=\"share-email\"><a rel=\"nofollow noopener noreferrer\" data-shared=\"\" class=\"share-email sd-button share-icon no-text\" href=\"https:\/\/bukkleader.hu\/old\/leader-felhivasok\/kotelezo-tajekoztatas-es-nyilvanossag-biztositasa\/?share=email\" target=\"_blank\" title=\"Click to email this to a friend\"><span><\/span><span class=\"sharing-screen-reader-text\">Click to email this to a friend (Opens in new window)<\/span><\/a><\/li><li class=\"share-end\"><\/li><\/ul><\/div><\/div><\/div>","protected":false},"author":4,"featured_media":0,"parent":1452,"menu_order":2,"comment_status":"closed","ping_status":"closed","template":"","meta":{"_bbp_topic_count":0,"_bbp_reply_count":0,"_bbp_total_topic_count":0,"_bbp_total_reply_count":0,"_bbp_voice_count":0,"_bbp_anonymous_reply_count":0,"_bbp_topic_count_hidden":0,"_bbp_reply_count_hidden":0,"_bbp_forum_subforum_count":0,"spay_email":""},"jetpack_sharing_enabled":true,"jetpack-related-posts":[{"id":835,"url":"https:\/\/bukkleader.hu\/old\/strategiank-2014-2020\/","url_meta":{"origin":1454,"position":0},"title":"Strat\u00e9gi\u00e1nk 2014-2020","date":"2015-10-23","format":false,"excerpt":"\u00a0 K\u00f6zz\u00e9t\u00e9tel d\u00e1tuma: 2017. 05. 30. A Minisztereln\u00f6ks\u00e9g Agr\u00e1r-vid\u00e9kfejleszt\u00e9s\u00e9rt Felel\u0151s \u00c1llamtitk\u00e1rs\u00e1g\u00e1nak Ir\u00e1ny\u00edt\u00f3 Hat\u00f3s\u00e1ga \u00e9s a B\u00fckk-T\u00e9rs\u00e9gi LEADER Egyes\u00fclet Egy\u00fcttm\u0171k\u00f6d\u00e9si Meg\u00e1llapod\u00e1sa a Helyi Fejleszt\u00e9si Strat\u00e9gia megval\u00f3s\u00edt\u00e1s\u00e1ra \u00e9s a HACS m\u0171k\u00f6d\u00e9si \u00e9s anim\u00e1ci\u00f3s k\u00f6lts\u00e9geinek t\u00e1mogat\u00e1s\u00e1ra. Itt olvashat\u00f3 >> \u00a0 K\u00f6zz\u00e9t\u00e9tel d\u00e1tuma: 2017. 05. 30. A B\u00fckk-T\u00e9rs\u00e9gi LEADER Egyes\u00fclet K\u00f6zgy\u0171l\u00e9se 2017. 05. 29.-\u00e9n\u2026","rel":"","context":"Similar post","img":{"alt_text":"eu-strukturalis-alap700x238-w","src":"https:\/\/i0.wp.com\/bukkleader.hu\/old\/wp-content\/uploads\/2015\/10\/eu-strukturalis-alap700x238-w.jpg?resize=350%2C200&ssl=1","width":350,"height":200},"classes":[]}],"_links":{"self":[{"href":"https:\/\/bukkleader.hu\/old\/wp-json\/wp\/v2\/pages\/1454"}],"collection":[{"href":"https:\/\/bukkleader.hu\/old\/wp-json\/wp\/v2\/pages"}],"about":[{"href":"https:\/\/bukkleader.hu\/old\/wp-json\/wp\/v2\/types\/page"}],"author":[{"embeddable":true,"href":"https:\/\/bukkleader.hu\/old\/wp-json\/wp\/v2\/users\/4"}],"replies":[{"embeddable":true,"href":"https:\/\/bukkleader.hu\/old\/wp-json\/wp\/v2\/comments?post=1454"}],"version-history":[{"count":10,"href":"https:\/\/bukkleader.hu\/old\/wp-json\/wp\/v2\/pages\/1454\/revisions"}],"predecessor-version":[{"id":2604,"href":"https:\/\/bukkleader.hu\/old\/wp-json\/wp\/v2\/pages\/1454\/revisions\/2604"}],"up":[{"embeddable":true,"href":"https:\/\/bukkleader.hu\/old\/wp-json\/wp\/v2\/pages\/1452"}],"wp:attachment":[{"href":"https:\/\/bukkleader.hu\/old\/wp-json\/wp\/v2\/media?parent=1454"}],"curies":[{"name":"wp","href":"https:\/\/api.w.org\/{rel}","templated":true}]}}

Kötelező tájékoztatás és nyilvánosság biztosítása

<h2><img data-attachment-id="1448" data-permalink="https://bukkleader.hu/old/leader-felhivasok/kotelezo-tajekoztatas-es-nyilvanossag-biztositasa/btle_logo-2/" data-orig-file="https://bukkleader.hu/old/wp-content/uploads/2017/12/btle_logo.jpg" data-orig-size="609,608" data-comments-opened="1" data-image-meta="{&quot;aperture&quot;:&quot;0&quot;,&quot;credit&quot;:&quot;&quot;,&quot;camera&quot;:&quot;&quot;,&quot;caption&quot;:&quot;&quot;,&quot;created_timestamp&quot;:&quot;0&quot;,&quot;copyright&quot;:&quot;&quot;,&quot;focal_length&quot;:&quot;0&quot;,&quot;iso&quot;:&quot;0&quot;,&quot;shutter_speed&quot;:&quot;0&quot;,&quot;title&quot;:&quot;&quot;,&quot;orientation&quot;:&quot;0&quot;}" data-image-title="btle_logo" data-image-description="" data-image-caption="" data-medium-file="https://bukkleader.hu/old/wp-content/uploads/2017/12/btle_logo-300x300.jpg" data-large-file="https://bukkleader.hu/old/wp-content/uploads/2017/12/btle_logo.jpg" loading="lazy" class="wp-image-1448 alignleft" src="https://bukkleader.hu/old/wp-content/uploads/2017/12/btle_logo.jpg" alt="btle_logo" width="300" height="299" srcset="https://bukkleader.hu/old/wp-content/uploads/2017/12/btle_logo.jpg 609w, https://bukkleader.hu/old/wp-content/uploads/2017/12/btle_logo-150x150.jpg 150w, https://bukkleader.hu/old/wp-content/uploads/2017/12/btle_logo-300x300.jpg 300w, https://bukkleader.hu/old/wp-content/uploads/2017/12/btle_logo-118x118.jpg 118w, https://bukkleader.hu/old/wp-content/uploads/2017/12/btle_logo-50x50.jpg 50w" sizes="(max-width: 300px) 100vw, 300px" />Vidékfejlesztési Program Kedvezményezettek tájékoztatási kötelezettségei 2014-2020. 2.1.</h2>
<p>
<strong><a class="btn" href="https://bukkleader.hu/old/wp-content/uploads/2019/08/KTK_2.1_vegleges-1.pdf" target="_blank" rel="noopener">A dokumentum olvasása, letöltése itt&gt;&gt;</a></strong></p>
<p><a href="https://bukkleader.hu/old/wp-content/uploads/2017/12/btle_logo.jpg" target="_blank" rel="noopener"><strong>A Bükk-Térségi LEADER Egyesület logója letölthető itt&gt;&gt;</strong></a></p>
<div class="sharedaddy sd-sharing-enabled"><div class="robots-nocontent sd-block sd-social sd-social-icon sd-sharing"><h3 class="sd-title">Share this:</h3><div class="sd-content"><ul><li class="share-facebook"><a rel="nofollow noopener noreferrer" data-shared="sharing-facebook-1454" class="share-facebook sd-button share-icon no-text" href="https://bukkleader.hu/old/leader-felhivasok/kotelezo-tajekoztatas-es-nyilvanossag-biztositasa/?share=facebook" target="_blank" title="Click to share on Facebook"><span></span><span class="sharing-screen-reader-text">Click to share on Facebook (Opens in new window)</span></a></li><li class="share-twitter"><a rel="nofollow noopener noreferrer" data-shared="sharing-twitter-1454" class="share-twitter sd-button share-icon no-text" href="https://bukkleader.hu/old/leader-felhivasok/kotelezo-tajekoztatas-es-nyilvanossag-biztositasa/?share=twitter" target="_blank" title="Click to share on Twitter"><span></span><span class="sharing-screen-reader-text">Click to share on Twitter (Opens in new window)</span></a></li><li class="share-print"><a rel="nofollow noopener noreferrer" data-shared="" class="share-print sd-button share-icon no-text" href="https://bukkleader.hu/old/leader-felhivasok/kotelezo-tajekoztatas-es-nyilvanossag-biztositasa/" target="_blank" title="Click to print"><span></span><span class="sharing-screen-reader-text">Click to print (Opens in new window)</span></a></li><li class="share-email"><a rel="nofollow noopener noreferrer" data-shared="" class="share-email sd-button share-icon no-text" href="https://bukkleader.hu/old/leader-felhivasok/kotelezo-tajekoztatas-es-nyilvanossag-biztositasa/?share=email" target="_blank" title="Click to email this to a friend"><span></span><span class="sharing-screen-reader-text">Click to email this to a friend (Opens in new window)</span></a></li><li class="share-end"></li></ul></div></div></div>

<p>Vidékfejlesztési Program Kedvezményezettek tájékoztatási kötelezettségei 2014-2020. 2.1. A dokumentum olvasása, letöltése itt&gt;&gt; A Bükk-Térségi LEADER Egyesület logója letölthető itt&gt;&gt;</p>
<div class="sharedaddy sd-sharing-enabled"><div class="robots-nocontent sd-block sd-social sd-social-icon sd-sharing"><h3 class="sd-title">Share this:</h3><div class="sd-content"><ul><li class="share-facebook"><a rel="nofollow noopener noreferrer" data-shared="sharing-facebook-1454" class="share-facebook sd-button share-icon no-text" href="https://bukkleader.hu/old/leader-felhivasok/kotelezo-tajekoztatas-es-nyilvanossag-biztositasa/?share=facebook" target="_blank" title="Click to share on Facebook"><span></span><span class="sharing-screen-reader-text">Click to share on Facebook (Opens in new window)</span></a></li><li class="share-twitter"><a rel="nofollow noopener noreferrer" data-shared="sharing-twitter-1454" class="share-twitter sd-button share-icon no-text" href="https://bukkleader.hu/old/leader-felhivasok/kotelezo-tajekoztatas-es-nyilvanossag-biztositasa/?share=twitter" target="_blank" title="Click to share on Twitter"><span></span><span class="sharing-screen-reader-text">Click to share on Twitter (Opens in new window)</span></a></li><li class="share-print"><a rel="nofollow noopener noreferrer" data-shared="" class="share-print sd-button share-icon no-text" href="https://bukkleader.hu/old/leader-felhivasok/kotelezo-tajekoztatas-es-nyilvanossag-biztositasa/" target="_blank" title="Click to print"><span></span><span class="sharing-screen-reader-text">Click to print (Opens in new window)</span></a></li><li class="share-email"><a rel="nofollow noopener noreferrer" data-shared="" class="share-email sd-button share-icon no-text" href="https://bukkleader.hu/old/leader-felhivasok/kotelezo-tajekoztatas-es-nyilvanossag-biztositasa/?share=email" target="_blank" title="Click to email this to a friend"><span></span><span class="sharing-screen-reader-text">Click to email this to a friend (Opens in new window)</span></a></li><li class="share-end"></li></ul></div></div></div>

Stratégiánk 2014-2020

Közzététel dátuma: 2017. 05. 30. A Miniszterelnökség Agrár-vidékfejlesztésért Felelős Államtitkárságának Irányító Hatósága és a Bükk-Térségi LEADER Egyesület Együttműködési Megállapodása a Helyi Fejlesztési Stratégia megvalósítására és a HACS működési és animációs költségeinek támogatására. Itt olvasható >>   Közzététel dátuma: 2017. 05. 30. A Bükk-Térségi LEADER Egyesület Közgyűlése 2017. 05. 29.-én…
